Last updated on 2025-10-22 05:50:57 CEST.
Flavor | Version | Tinstall | Tcheck | Ttotal | Status | Flags |
---|---|---|---|---|---|---|
r-devel-linux-x86_64-debian-clang | 1.1.0 | 56.24 | 103.40 | 159.64 | NOTE | |
r-devel-linux-x86_64-debian-gcc | 1.1.0 | 36.89 | 70.33 | 107.22 | NOTE | |
r-devel-linux-x86_64-fedora-clang | 1.1.0 | 120.00 | 143.82 | 263.82 | OK | |
r-devel-linux-x86_64-fedora-gcc | 1.1.0 | 120.00 | 127.60 | 247.60 | OK | |
r-devel-windows-x86_64 | 1.1.0 | 58.00 | 451.00 | 509.00 | OK | |
r-patched-linux-x86_64 | 1.1.0 | 48.96 | 99.63 | 148.59 | OK | |
r-release-linux-x86_64 | 1.1.0 | 49.96 | 99.18 | 149.14 | OK | |
r-release-macos-arm64 | 1.1.0 | 22.00 | 41.00 | 63.00 | OK | |
r-release-macos-x86_64 | 1.1.0 | 29.00 | 80.00 | 109.00 | OK | |
r-release-windows-x86_64 | 1.1.0 | 61.00 | 137.00 | 198.00 | OK | |
r-oldrel-macos-arm64 | 1.1.0 | 19.00 | 48.00 | 67.00 | NOTE | |
r-oldrel-macos-x86_64 | 1.1.0 | 30.00 | 79.00 | 109.00 | OK | |
r-oldrel-windows-x86_64 | 1.1.0 | 73.00 | 173.00 | 246.00 | OK |
Version: 1.1.0
Check: top-level files
Result: NOTE
Found the following validation problem for the NEWS.Rd HTML conversion:
NEWS.html:133:1 (inst/NEWS.Rd:56): Warning: missing </ul> before </div>
Flavors: r-devel-linux-x86_64-debian-clang, r-devel-linux-x86_64-debian-gcc
Version: 1.1.0
Check: HTML version of manual
Result: NOTE
Found the following HTML validation problems:
acdFit-methods.html:81:1 (acdFit-methods.Rd:36): Warning: missing </ul> before </div>
Flavors: r-devel-linux-x86_64-debian-clang, r-devel-linux-x86_64-debian-gcc
Version: 1.1.0
Check: installed package size
Result: NOTE
installed size is 5.4Mb
sub-directories of 1Mb or more:
libs 4.1Mb
Flavor: r-oldrel-macos-arm64