Last updated on 2025-10-22 05:50:57 CEST.
Flavor | Version | Tinstall | Tcheck | Ttotal | Status | Flags |
---|---|---|---|---|---|---|
r-devel-linux-x86_64-debian-clang | 0.3.7 | 9.91 | 102.13 | 112.04 | OK | |
r-devel-linux-x86_64-debian-gcc | 0.3.7 | 6.08 | 73.25 | 79.33 | OK | |
r-devel-linux-x86_64-fedora-clang | 0.3.7 | 21.00 | 152.48 | 173.48 | NOTE | |
r-devel-linux-x86_64-fedora-gcc | 0.3.7 | 21.00 | 154.95 | 175.95 | NOTE | |
r-devel-windows-x86_64 | 0.3.7 | 13.00 | 122.00 | 135.00 | OK | |
r-patched-linux-x86_64 | 0.3.7 | 10.32 | 94.05 | 104.37 | OK | |
r-release-linux-x86_64 | 0.3.7 | 8.92 | 93.87 | 102.79 | OK | |
r-release-macos-arm64 | 0.3.7 | 4.00 | 51.00 | 55.00 | OK | |
r-release-macos-x86_64 | 0.3.7 | 8.00 | 95.00 | 103.00 | OK | |
r-release-windows-x86_64 | 0.3.7 | 14.00 | 107.00 | 121.00 | OK | |
r-oldrel-macos-arm64 | 0.3.7 | 4.00 | 56.00 | 60.00 | OK | |
r-oldrel-macos-x86_64 | 0.3.7 | 8.00 | 101.00 | 109.00 | OK | |
r-oldrel-windows-x86_64 | 0.3.7 | 16.00 | 139.00 | 155.00 | OK |
Version: 0.3.7
Check: dependencies in R code
Result: NOTE
Namespaces in Imports field not imported from:
‘mFilter’ ‘regclass’ ‘writexl’
All declared Imports should be used.
Flavors: r-devel-linux-x86_64-fedora-clang, r-devel-linux-x86_64-fedora-gcc