Last updated on 2025-10-24 04:50:45 CEST.
| Flavor | Version | Tinstall | Tcheck | Ttotal | Status | Flags |
|---|---|---|---|---|---|---|
| r-devel-linux-x86_64-debian-clang | 2.0 | 3.18 | 30.03 | 33.21 | OK | |
| r-devel-linux-x86_64-debian-gcc | 2.0 | 2.63 | 22.84 | 25.47 | OK | |
| r-devel-linux-x86_64-fedora-clang | 2.0 | 52.85 | OK | |||
| r-devel-linux-x86_64-fedora-gcc | 2.0 | 50.07 | OK | |||
| r-devel-windows-x86_64 | 2.0 | 6.00 | 65.00 | 71.00 | OK | |
| r-patched-linux-x86_64 | 2.0 | 3.53 | 29.52 | 33.05 | OK | |
| r-release-linux-x86_64 | 2.0 | 3.83 | 29.24 | 33.07 | OK | |
| r-release-macos-arm64 | 2.0 | 2.00 | 25.00 | 27.00 | OK | |
| r-release-macos-x86_64 | 2.0 | 5.00 | 35.00 | 40.00 | OK | |
| r-release-windows-x86_64 | 2.0 | 7.00 | 50.00 | 57.00 | OK | |
| r-oldrel-macos-arm64 | 2.0 | 2.00 | 19.00 | 21.00 | NOTE | |
| r-oldrel-macos-x86_64 | 2.0 | 3.00 | 32.00 | 35.00 | NOTE | |
| r-oldrel-windows-x86_64 | 2.0 | 8.00 | 57.00 | 65.00 | OK |
Version: 2.0
Check: package dependencies
Result: NOTE
Package suggested but not available for checking: ‘INLA’
Flavors: r-oldrel-macos-arm64, r-oldrel-macos-x86_64