Last updated on 2025-10-22 05:50:58 CEST.
Flavor | Version | Tinstall | Tcheck | Ttotal | Status | Flags |
---|---|---|---|---|---|---|
r-devel-linux-x86_64-debian-clang | 0.1.3 | 6.17 | 60.15 | 66.32 | NOTE | |
r-devel-linux-x86_64-debian-gcc | 0.1.3 | 4.13 | 41.53 | 45.66 | NOTE | |
r-devel-linux-x86_64-fedora-clang | 0.1.3 | 14.00 | 85.80 | 99.80 | OK | |
r-devel-linux-x86_64-fedora-gcc | 0.1.3 | 11.00 | 77.97 | 88.97 | OK | |
r-devel-windows-x86_64 | 0.1.3 | 7.00 | 83.00 | 90.00 | OK | |
r-patched-linux-x86_64 | 0.1.3 | 5.94 | 52.28 | 58.22 | OK | |
r-release-linux-x86_64 | 0.1.3 | 5.65 | 52.46 | 58.11 | OK | |
r-release-macos-arm64 | 0.1.3 | 3.00 | 28.00 | 31.00 | OK | |
r-release-macos-x86_64 | 0.1.3 | 5.00 | 52.00 | 57.00 | OK | |
r-release-windows-x86_64 | 0.1.3 | 9.00 | 68.00 | 77.00 | OK | |
r-oldrel-macos-arm64 | 0.1.3 | 3.00 | 33.00 | 36.00 | OK | |
r-oldrel-macos-x86_64 | 0.1.3 | 6.00 | 57.00 | 63.00 | OK | |
r-oldrel-windows-x86_64 | 0.1.3 | 10.00 | 85.00 | 95.00 | OK |
Version: 0.1.3
Check: HTML version of manual
Result: NOTE
Found the following HTML validation problems:
print.summary.ahpgaussian.html:51:1 (print.summary.ahpgaussian.Rd:12): Warning: missing </ul> before </div>
Flavors: r-devel-linux-x86_64-debian-clang, r-devel-linux-x86_64-debian-gcc