Last updated on 2025-10-24 04:50:45 CEST.
| Flavor | Version | Tinstall | Tcheck | Ttotal | Status | Flags |
|---|---|---|---|---|---|---|
| r-devel-linux-x86_64-debian-clang | 1.1.5 | 49.04 | 210.93 | 259.97 | NOTE | |
| r-devel-linux-x86_64-debian-gcc | 1.1.5 | 37.25 | 158.60 | 195.85 | OK | |
| r-devel-linux-x86_64-fedora-clang | 1.1.5 | 257.00 | 183.41 | 440.41 | OK | |
| r-devel-linux-x86_64-fedora-gcc | 1.1.5 | 134.00 | 294.01 | 428.01 | OK | |
| r-devel-windows-x86_64 | 1.1.5 | 57.00 | 190.00 | 247.00 | OK | |
| r-patched-linux-x86_64 | 1.1.5 | 50.23 | 197.27 | 247.50 | OK | |
| r-release-linux-x86_64 | 1.1.5 | 46.93 | 199.80 | 246.73 | OK | |
| r-release-macos-arm64 | 1.1.5 | 38.00 | 70.00 | 108.00 | OK | |
| r-release-macos-x86_64 | 1.1.5 | 59.00 | 98.00 | 157.00 | OK | |
| r-release-windows-x86_64 | 1.1.5 | 56.00 | 191.00 | 247.00 | OK | |
| r-oldrel-macos-arm64 | 1.1.5 | 37.00 | 69.00 | 106.00 | NOTE | |
| r-oldrel-macos-x86_64 | 1.1.5 | 61.00 | 131.00 | 192.00 | NOTE | |
| r-oldrel-windows-x86_64 | 1.1.5 | 67.00 | 267.00 | 334.00 | OK |
Version: 1.1.5
Check: HTML version of manual
Result: NOTE
Found the following HTML validation problems:
check.data.mode_.html:50:1 (check.data.mode_.Rd:12): Warning: missing </ul> before </div>
check.data_.html:50:1 (check.data_.Rd:12): Warning: missing </ul> before </div>
check.logical_.html:46:1 (check.logical_.Rd:10): Warning: missing </ul> before </div>
Flavor: r-devel-linux-x86_64-debian-clang
Version: 1.1.5
Check: installed package size
Result: NOTE
installed size is 5.8Mb
sub-directories of 1Mb or more:
data 5.4Mb
Flavors: r-oldrel-macos-arm64, r-oldrel-macos-x86_64