Last updated on 2025-10-22 05:50:59 CEST.
Flavor | Version | Tinstall | Tcheck | Ttotal | Status | Flags |
---|---|---|---|---|---|---|
r-devel-linux-x86_64-debian-clang | 1.4.3 | 8.67 | 506.55 | 515.22 | NOTE | |
r-devel-linux-x86_64-debian-gcc | 1.4.3 | 5.12 | 305.83 | 310.95 | NOTE | |
r-devel-linux-x86_64-fedora-clang | 1.4.3 | 18.00 | 828.59 | 846.59 | OK | |
r-devel-linux-x86_64-fedora-gcc | 1.4.3 | 21.00 | 882.08 | 903.08 | OK | |
r-devel-windows-x86_64 | 1.4.3 | 10.00 | 508.00 | 518.00 | OK | |
r-patched-linux-x86_64 | 1.4.3 | 8.51 | 480.29 | 488.80 | OK | |
r-release-linux-x86_64 | 1.4.3 | 6.78 | 481.97 | 488.75 | OK | |
r-release-macos-arm64 | 1.4.3 | 4.00 | 276.00 | 280.00 | OK | |
r-release-macos-x86_64 | 1.4.3 | 8.00 | 401.00 | 409.00 | OK | |
r-release-windows-x86_64 | 1.4.3 | 11.00 | 511.00 | 522.00 | OK | |
r-oldrel-macos-arm64 | 1.4.3 | 3.00 | 185.00 | 188.00 | OK | |
r-oldrel-macos-x86_64 | 1.4.3 | 5.00 | 324.00 | 329.00 | OK | |
r-oldrel-windows-x86_64 | 1.4.3 | 11.00 | 629.00 | 640.00 | OK |
Version: 1.4.3
Check: HTML version of manual
Result: NOTE
Found the following HTML validation problems:
ASSISTDesign.html:135:1 (ASSISTDesign.Rd:85): Warning: <h5> anchor "Usage" already defined
ASSISTDesign.html:151:1 (ASSISTDesign.Rd:95): Warning: <h5> anchor "Usage" already defined
ASSISTDesign.html:167:1 (ASSISTDesign.Rd:105): Warning: <h5> anchor "Usage" already defined
ASSISTDesign.html:183:1 (ASSISTDesign.Rd:115): Warning: <h5> anchor "Usage" already defined
ASSISTDesign.html:189:1 (ASSISTDesign.Rd:119): Warning: <h5> anchor "Arguments" already defined
ASSISTDesign.html:212:1 (ASSISTDesign.Rd:132): Warning: <h5> anchor "Usage" already defined
ASSISTDesign.html:228:1 (ASSISTDesign.Rd:142): Warning: <h5> anchor "Usage" already defined
ASSISTDesign.html:234:1 (ASSISTDesign.Rd:146): Warning: <h5> anchor "Returns" already defined
ASSISTDesign.html:251:1 (ASSISTDesign.Rd:155): Warning: <h5> anchor "Usage" already defined
ASSISTDesign.html:265:1 (ASSISTDesign.Rd:167): Warning: <h5> anchor "Arguments" already defined
ASSISTDesign.html:290:1 (ASSISTDesign.Rd:186): Warning: <h5> anchor "Returns" already defined
ASSISTDesign.html:307:1 (ASSISTDesign.Rd:195): Warning: <h5> anchor "Usage" already defined
ASSISTDesign.html:318:1 (ASSISTDesign.Rd:204): Warning: <h5> anchor "Arguments" already defined
ASSISTDesign.html:337:1 (ASSISTDesign.Rd:217): Warning: <h5> anchor "Returns" already defined
ASSISTDesign.html:354:1 (ASSISTDesign.Rd:226): Warning: <h5> anchor "Usage" already defined
ASSISTDesign.html:360:1 (ASSISTDesign.Rd:230): Warning: <h5> anchor "Arguments" already defined
ASSISTDesign.html:373:1 (ASSISTDesign.Rd:237): Warning: <h5> anchor "Returns" already defined
ASSISTDesign.html:390:1 (ASSISTDesign.Rd:246): Warning: <h5> anchor "Usage" already defined
ASSISTDesign.html:396:1 (ASSISTDesign.Rd:250): Warning: <h5> anchor "Arguments" already defined
ASSISTDesign.html:419:1 (ASSISTDesign.Rd:263): Warning: <h5> anchor "Usage" already defined
ASSISTDesign.html:425:1 (ASSISTDesign.Rd:267): Warning: <h5> anchor "Arguments" already defined
ASSISTDesignB.html:111:1 (ASSISTDesignB.Rd:82): Warning: <h5> anchor "Usage" already defined
ASSISTDesignB.html:144:1 (ASSISTDesignB.Rd:107): Warning: <h5> anchor "Returns" already defined
ASSISTDesignB.html:161:1 (ASSISTDesignB.Rd:116): Warning: <h5> anchor "Usage" already defined
ASSISTDesignB.html:167:1 (ASSISTDesignB.Rd:120): Warning: <h5> anchor "Arguments" already defined
ASSISTDesignB.html:180:1 (ASSISTDesignB.Rd:127): Warning: <h5> anchor "Returns" already defined
ASSISTDesignB.html:197:1 (ASSISTDesignB.Rd:136): Warning: <h5> anchor "Usage" already defined
ASSISTDesignB.html:203:1 (ASSISTDesignB.Rd:140): Warning: <h5> anchor "Arguments" already defined
ASSISTDesignB.html:226:1 (ASSISTDesignB.Rd:153): Warning: <h5> anchor "Usage" already defined
ASSISTDesignB.html:232:1 (ASSISTDesignB.Rd:157): Warning: <h5> anchor "Arguments" already defined
ASSISTDesignC.html:110:1 (ASSISTDesignC.Rd:79): Warning: <h5> anchor "Usage" already defined
ASSISTDesignC.html:143:1 (ASSISTDesignC.Rd:104): Warning: <h5> anchor "Returns" already defined
ASSISTDesignC.html:160:1 (ASSISTDesignC.Rd:113): Warning: <h5> anchor "Usage" already defined
ASSISTDesignC.html:166:1 (ASSISTDesignC.Rd:117): Warning: <h5> anchor "Arguments" already defined
ASSISTDesignC.html:179:1 (ASSISTDesignC.Rd:124): Warning: <h5> anchor "Returns" already defined
ASSISTDesignC.html:196:1 (ASSISTDesignC.Rd:133): Warning: <h5> anchor "Usage" already defined
ASSISTDesignC.html:202:1 (ASSISTDesignC.Rd:137): Warning: <h5> anchor "Arguments" already defined
ASSISTDesignC.html:215:1 (ASSISTDesignC.Rd:144): Warning: <h5> anchor "Returns" already defined
ASSISTDesignC.html:232:1 (ASSISTDesignC.Rd:153): Warning: <h5> anchor "Usage" already defined
ASSISTDesignC.html:238:1 (ASSISTDesignC.Rd:157): Warning: <h5> anchor "Arguments" already defined
DEFUSE3Design.html:112:1 (DEFUSE3Design.Rd:99): Warning: <h5> anchor "Usage" already defined
DEFUSE3Design.html:154:1 (DEFUSE3Design.Rd:133): Warning: <h5> anchor "Returns" already defined
DEFUSE3Design.html:171:1 (DEFUSE3Design.Rd:142): Warning: <h5> anchor "Usage" already defined
DEFUSE3Design.html:177:1 (DEFUSE3Design.Rd:146): Warning: <h5> anchor "Arguments" already defined
DEFUSE3Design.html:194:1 (DEFUSE3Design.Rd:157): Warning: <h5> anchor "Returns" already defined
DEFUSE3Design.html:211:1 (DEFUSE3Design.Rd:166): Warning: <h5> anchor "Usage" already defined
DEFUSE3Design.html:224:1 (DEFUSE3Design.Rd:177): Warning: <h5> anchor "Arguments" already defined
DEFUSE3Design.html:247:1 (DEFUSE3Design.Rd:194): Warning: <h5> anchor "Returns" already defined
DEFUSE3Design.html:264:1 (DEFUSE3Design.Rd:203): Warning: <h5> anchor "Usage" already defined
DEFUSE3Design.html:270:1 (DEFUSE3Design.Rd:207): Warning: <h5> anchor "Arguments" already defined
DEFUSE3Design.html:287:1 (DEFUSE3Design.Rd:218): Warning: <h5> anchor "Returns" already defined
DEFUSE3Design.html:304:1 (DEFUSE3Design.Rd:227): Warning: <h5> anchor "Usage" already defined
DEFUSE3Design.html:310:1 (DEFUSE3Design.Rd:231): Warning: <h5> anchor "Arguments" already defined
mHP.b.html:85:1 (mHP.b.Rd:34): Warning: missing </ul> before </div>
mHP.c.html:89:1 (mHP.c.Rd:36): Warning: missing </ul> before </div>
Flavors: r-devel-linux-x86_64-debian-clang, r-devel-linux-x86_64-debian-gcc