CRAN Package Check Results for Package Amelia

Last updated on 2025-10-22 05:50:58 CEST.

Flavor Version Tinstall Tcheck Ttotal Status Flags
r-devel-linux-x86_64-debian-clang 1.8.3 31.55 89.63 121.18 NOTE
r-devel-linux-x86_64-debian-gcc 1.8.3 26.45 67.25 93.70 NOTE
r-devel-linux-x86_64-fedora-clang 1.8.3 65.00 124.16 189.16 OK
r-devel-linux-x86_64-fedora-gcc 1.8.3 176.00 40.28 216.28 OK
r-devel-windows-x86_64 1.8.3 39.00 101.00 140.00 OK
r-patched-linux-x86_64 1.8.3 34.56 84.29 118.85 OK
r-release-linux-x86_64 1.8.3 34.31 84.11 118.42 OK
r-release-macos-arm64 1.8.3 15.00 52.00 67.00 OK
r-release-macos-x86_64 1.8.3 31.00 89.00 120.00 OK
r-release-windows-x86_64 1.8.3 40.00 98.00 138.00 OK
r-oldrel-macos-arm64 1.8.3 13.00 44.00 57.00 NOTE
r-oldrel-macos-x86_64 1.8.3 37.00 124.00 161.00 NOTE
r-oldrel-windows-x86_64 1.8.3 49.00 120.00 169.00 OK

Check Details

Version: 1.8.3
Check: HTML version of manual
Result: NOTE Found the following HTML validation problems: plot.amelia.html:71:1 (plot.amelia.Rd:23): Warning: missing </ul> before </div> Flavors: r-devel-linux-x86_64-debian-clang, r-devel-linux-x86_64-debian-gcc

Version: 1.8.3
Check: installed package size
Result: NOTE installed size is 5.6Mb sub-directories of 1Mb or more: doc 1.4Mb libs 3.6Mb Flavors: r-oldrel-macos-arm64, r-oldrel-macos-x86_64