Last updated on 2025-10-24 04:50:45 CEST.
| Flavor | Version | Tinstall | Tcheck | Ttotal | Status | Flags |
|---|---|---|---|---|---|---|
| r-devel-linux-x86_64-debian-clang | 2.1-1 | 1.72 | 24.47 | 26.19 | NOTE | |
| r-devel-linux-x86_64-debian-gcc | 2.1-1 | 1.25 | 19.79 | 21.04 | NOTE | |
| r-devel-linux-x86_64-fedora-clang | 2.1-1 | 37.63 | OK | |||
| r-devel-linux-x86_64-fedora-gcc | 2.1-1 | 36.39 | OK | |||
| r-devel-windows-x86_64 | 2.1-1 | 2.00 | 45.00 | 47.00 | OK | |
| r-patched-linux-x86_64 | 2.1-1 | 1.55 | 23.07 | 24.62 | OK | |
| r-release-linux-x86_64 | 2.1-1 | 1.67 | 22.87 | 24.54 | OK | |
| r-release-macos-arm64 | 2.1-1 | 1.00 | 15.00 | 16.00 | OK | |
| r-release-macos-x86_64 | 2.1-1 | 2.00 | 27.00 | 29.00 | OK | |
| r-release-windows-x86_64 | 2.1-1 | 3.00 | 47.00 | 50.00 | OK | |
| r-oldrel-macos-arm64 | 2.1-1 | 1.00 | 21.00 | 22.00 | OK | |
| r-oldrel-macos-x86_64 | 2.1-1 | 2.00 | 25.00 | 27.00 | OK | |
| r-oldrel-windows-x86_64 | 2.1-1 | 3.00 | 46.00 | 49.00 | OK |
Version: 2.1-1
Check: CRAN incoming feasibility
Result: NOTE
Maintainer: ‘Susana Barbosa <sabarbosa@fc.ul.pt>’
No Authors@R field in DESCRIPTION.
Please add one, modifying
Authors@R: person(given = "Susana",
family = "Barbosa",
role = c("aut", "cre"),
email = "sabarbosa@fc.ul.pt")
as necessary.
Flavors: r-devel-linux-x86_64-debian-clang, r-devel-linux-x86_64-debian-gcc