Last updated on 2025-10-22 05:50:59 CEST.
Flavor | Version | Tinstall | Tcheck | Ttotal | Status | Flags |
---|---|---|---|---|---|---|
r-devel-linux-x86_64-debian-clang | 0.1.6 | 18.25 | 160.32 | 178.57 | NOTE | |
r-devel-linux-x86_64-debian-gcc | 0.1.6 | 13.08 | 114.11 | 127.19 | NOTE | |
r-devel-linux-x86_64-fedora-clang | 0.1.6 | 130.00 | 169.63 | 299.63 | OK | |
r-devel-linux-x86_64-fedora-gcc | 0.1.6 | 120.00 | 159.06 | 279.06 | OK | |
r-devel-windows-x86_64 | 0.1.6 | 20.00 | 140.00 | 160.00 | OK | |
r-patched-linux-x86_64 | 0.1.6 | 15.89 | 151.57 | 167.46 | OK | |
r-release-linux-x86_64 | 0.1.6 | 17.13 | 151.11 | 168.24 | OK | |
r-release-macos-arm64 | 0.1.6 | 5.00 | ERROR | |||
r-release-macos-x86_64 | 0.1.6 | 23.00 | 150.00 | 173.00 | OK | |
r-release-windows-x86_64 | 0.1.6 | 23.00 | 141.00 | 164.00 | OK | |
r-oldrel-macos-arm64 | 0.1.6 | 8.00 | 65.00 | 73.00 | OK | |
r-oldrel-macos-x86_64 | 0.1.6 | 13.00 | 100.00 | 113.00 | OK | |
r-oldrel-windows-x86_64 | 0.1.6 | 27.00 | 181.00 | 208.00 | OK |
Version: 0.1.6
Check: HTML version of manual
Result: NOTE
Found the following HTML validation problems:
AutoPipe_tSNE.html:59:1 (AutoPipe_tSNE.Rd:17): Warning: missing </ul> before </div>
Flavors: r-devel-linux-x86_64-debian-clang, r-devel-linux-x86_64-debian-gcc
Version: 0.1.6
Check: package dependencies
Result: ERROR
Package required but not available: ‘org.Hs.eg.db’
See section ‘The DESCRIPTION file’ in the ‘Writing R Extensions’
manual.
Flavor: r-release-macos-arm64