Last updated on 2025-10-22 05:50:59 CEST.
Flavor | Version | Tinstall | Tcheck | Ttotal | Status | Flags |
---|---|---|---|---|---|---|
r-devel-linux-x86_64-debian-clang | 1.1.0 | 18.69 | 154.28 | 172.97 | NOTE | |
r-devel-linux-x86_64-debian-gcc | 1.1.0 | 12.60 | 110.46 | 123.06 | NOTE | |
r-devel-linux-x86_64-fedora-clang | 1.1.0 | 99.00 | 180.82 | 279.82 | OK | |
r-devel-linux-x86_64-fedora-gcc | 1.1.0 | 51.00 | 237.73 | 288.73 | OK | |
r-devel-windows-x86_64 | 1.1.0 | 22.00 | 176.00 | 198.00 | OK | |
r-patched-linux-x86_64 | 1.1.0 | 19.77 | 145.27 | 165.04 | OK | |
r-release-linux-x86_64 | 1.1.0 | 18.13 | 144.47 | 162.60 | OK | |
r-release-macos-arm64 | 1.1.0 | 8.00 | 58.00 | 66.00 | OK | |
r-release-macos-x86_64 | 1.1.0 | 14.00 | 104.00 | 118.00 | OK | |
r-release-windows-x86_64 | 1.1.0 | 21.00 | 194.00 | 215.00 | OK | |
r-oldrel-macos-arm64 | 1.1.0 | 8.00 | 68.00 | 76.00 | OK | |
r-oldrel-macos-x86_64 | 1.1.0 | 14.00 | 112.00 | 126.00 | OK | |
r-oldrel-windows-x86_64 | 1.1.0 | 28.00 | 226.00 | 254.00 | OK |
Version: 1.1.0
Check: HTML version of manual
Result: NOTE
Found the following HTML validation problems:
check_link.html:48:1 (check_link.Rd:12): Warning: missing </ul> before </div>
compute_final_score_ord.html:66:1 (compute_final_score_ord.Rd:23): Warning: missing </ul> before </div>
compute_prob_observed.html:72:1 (compute_prob_observed.Rd:29): Warning: missing </ul> before </div>
compute_prob_predicted.html:72:1 (compute_prob_predicted.Rd:29): Warning: missing </ul> before </div>
estimate_p_mat.html:58:1 (estimate_p_mat.Rd:17): Warning: missing </ul> before </div>
eva_performance_iauc.html:54:1 (eva_performance_iauc.Rd:14): Warning: missing </ul> before </div>
extract_or_ci_ord.html:51:1 (extract_or_ci_ord.Rd:13): Warning: missing </ul> before </div>
find_one_inds.html:46:1 (find_one_inds.Rd:10): Warning: missing </ul> before </div>
group_score.html:60:1 (group_score.Rd:19): Warning: missing </ul> before </div>
induce_median_missing.html:53:1 (induce_median_missing.Rd:15): Warning: missing </ul> before </div>
inv_cloglog.html:46:1 (inv_cloglog.Rd:10): Warning: missing </ul> before </div>
inv_logit.html:46:1 (inv_logit.Rd:10): Warning: missing </ul> before </div>
inv_probit.html:46:1 (inv_probit.Rd:10): Warning: missing </ul> before </div>
make_design_mat.html:48:1 (make_design_mat.Rd:11): Warning: missing </ul> before </div>
plot_auc.html:78:1 (plot_auc.Rd:30): Warning: missing </ul> before </div>
plot_predicted_risk.html:82:1 (plot_predicted_risk.Rd:36): Warning: missing </ul> before </div>
Flavors: r-devel-linux-x86_64-debian-clang, r-devel-linux-x86_64-debian-gcc