Last updated on 2025-10-22 05:50:59 CEST.
Flavor | Version | Tinstall | Tcheck | Ttotal | Status | Flags |
---|---|---|---|---|---|---|
r-devel-linux-x86_64-debian-clang | 1.3.3 | 7.13 | 32.74 | 39.87 | NOTE | |
r-devel-linux-x86_64-debian-gcc | 1.3.3 | 3.96 | 25.44 | 29.40 | NOTE | |
r-devel-linux-x86_64-fedora-clang | 1.3.3 | 14.00 | 46.11 | 60.11 | OK | |
r-devel-linux-x86_64-fedora-gcc | 1.3.3 | 16.00 | 55.63 | 71.63 | OK | |
r-devel-windows-x86_64 | 1.3.3 | 7.00 | 55.00 | 62.00 | OK | |
r-patched-linux-x86_64 | 1.3.3 | 7.22 | 30.28 | 37.50 | OK | |
r-release-linux-x86_64 | 1.3.3 | 6.15 | 30.39 | 36.54 | OK | |
r-release-macos-arm64 | 1.3.3 | 4.00 | 67.00 | 71.00 | OK | |
r-release-macos-x86_64 | 1.3.3 | 6.00 | 46.00 | 52.00 | OK | |
r-release-windows-x86_64 | 1.3.3 | 9.00 | 55.00 | 64.00 | OK | |
r-oldrel-macos-arm64 | 1.3.3 | 3.00 | 29.00 | 32.00 | OK | |
r-oldrel-macos-x86_64 | 1.3.3 | 5.00 | 42.00 | 47.00 | OK | |
r-oldrel-windows-x86_64 | 1.3.3 | 11.00 | 60.00 | 71.00 | OK |
Version: 1.3.3
Check: HTML version of manual
Result: NOTE
Found the following HTML validation problems:
format.html:46:1 (format.Rd:10): Warning: missing </ul> before </div>
Flavors: r-devel-linux-x86_64-debian-clang, r-devel-linux-x86_64-debian-gcc