CRAN Package Check Results for Package AzureContainers

Last updated on 2025-10-22 05:50:59 CEST.

Flavor Version Tinstall Tcheck Ttotal Status Flags
r-devel-linux-x86_64-debian-clang 1.3.3 6.26 38.22 44.48 OK
r-devel-linux-x86_64-debian-gcc 1.3.3 4.28 31.31 35.59 OK
r-devel-linux-x86_64-fedora-clang 1.3.3 13.00 53.78 66.78 NOTE
r-devel-linux-x86_64-fedora-gcc 1.3.3 14.00 65.47 79.47 NOTE
r-devel-windows-x86_64 1.3.3 8.00 64.00 72.00 OK
r-patched-linux-x86_64 1.3.3 5.10 35.46 40.56 OK
r-release-linux-x86_64 1.3.3 5.97 34.99 40.96 OK
r-release-macos-arm64 1.3.3 3.00 27.00 30.00 OK
r-release-macos-x86_64 1.3.3 5.00 51.00 56.00 OK
r-release-windows-x86_64 1.3.3 10.00 65.00 75.00 OK
r-oldrel-macos-arm64 1.3.3 3.00 35.00 38.00 OK
r-oldrel-macos-x86_64 1.3.3 4.00 60.00 64.00 OK
r-oldrel-windows-x86_64 1.3.3 11.00 69.00 80.00 OK

Check Details

Version: 1.3.3
Check: dependencies in R code
Result: NOTE Namespace in Imports field not imported from: ‘openssl’ All declared Imports should be used. Flavors: r-devel-linux-x86_64-fedora-clang, r-devel-linux-x86_64-fedora-gcc