CRAN Package Check Results for Package BASS

Last updated on 2025-10-22 05:50:59 CEST.

Flavor Version Tinstall Tcheck Ttotal Status Flags
r-devel-linux-x86_64-debian-clang 1.3.1 8.28 76.79 85.07 NOTE --no-vignettes
r-devel-linux-x86_64-debian-gcc 1.3.1 5.93 50.77 56.70 NOTE --no-vignettes
r-devel-linux-x86_64-fedora-clang 1.3.1 19.00 112.98 131.98 OK --no-vignettes
r-devel-linux-x86_64-fedora-gcc 1.3.1 19.00 108.38 127.38 OK --no-vignettes
r-devel-windows-x86_64 1.3.1 10.00 103.00 113.00 OK --no-vignettes
r-patched-linux-x86_64 1.3.1 8.81 71.25 80.06 OK --no-vignettes
r-release-linux-x86_64 1.3.1 8.57 71.33 79.90 OK --no-vignettes
r-release-macos-arm64 1.3.1 4.00 42.00 46.00 OK
r-release-macos-x86_64 1.3.1 7.00 71.00 78.00 OK
r-release-windows-x86_64 1.3.1 10.00 109.00 119.00 OK --no-vignettes
r-oldrel-macos-arm64 1.3.1 4.00 37.00 41.00 OK
r-oldrel-macos-x86_64 1.3.1 6.00 64.00 70.00 OK
r-oldrel-windows-x86_64 1.3.1 13.00 107.00 120.00 OK --no-vignettes

Check Details

Version: 1.3.1
Flags: --no-vignettes
Check: HTML version of manual
Result: NOTE Found the following HTML validation problems: print.bass.html:51:1 (print.bass.Rd:12): Warning: missing </ul> before </div> print.bassBasis.html:51:1 (print.bassBasis.Rd:12): Warning: missing </ul> before </div> summary.bass.html:51:1 (summary.bass.Rd:12): Warning: missing </ul> before </div> summary.bassBasis.html:51:1 (summary.bassBasis.Rd:12): Warning: missing </ul> before </div> Flavors: r-devel-linux-x86_64-debian-clang, r-devel-linux-x86_64-debian-gcc