Last updated on 2025-07-21 08:49:58 CEST.
Flavor | Version | Tinstall | Tcheck | Ttotal | Status | Flags |
---|---|---|---|---|---|---|
r-devel-linux-x86_64-debian-clang | 1.0.3 | 90.48 | 228.63 | 319.11 | OK | |
r-devel-linux-x86_64-debian-gcc | 1.0.3 | 56.18 | 153.29 | 209.47 | OK | |
r-devel-linux-x86_64-fedora-clang | 1.0.3 | 514.53 | OK | |||
r-devel-linux-x86_64-fedora-gcc | 1.0.3 | 488.75 | OK | |||
r-devel-windows-x86_64 | 1.0.3 | 79.00 | 234.00 | 313.00 | OK | |
r-patched-linux-x86_64 | 1.0.3 | 77.18 | 216.37 | 293.55 | OK | |
r-release-linux-x86_64 | 1.0.3 | 74.96 | 215.00 | 289.96 | OK | |
r-release-macos-arm64 | 1.0.3 | 5.00 | ERROR | |||
r-release-macos-x86_64 | 1.0.3 | 8.00 | ERROR | |||
r-release-windows-x86_64 | 1.0.3 | 78.00 | 263.00 | 341.00 | OK | |
r-oldrel-macos-arm64 | 1.0.3 | 10.00 | ERROR | |||
r-oldrel-macos-x86_64 | 1.0.3 | 12.00 | ERROR | |||
r-oldrel-windows-x86_64 | 1.0.3 | 100.00 | 307.00 | 407.00 | NOTE |
Version: 1.0.3
Check: package dependencies
Result: ERROR
Package required but not available: ‘mixAK’
See section ‘The DESCRIPTION file’ in the ‘Writing R Extensions’
manual.
Flavors: r-release-macos-arm64, r-release-macos-x86_64, r-oldrel-macos-arm64, r-oldrel-macos-x86_64
Version: 1.0.3
Check: installed package size
Result: NOTE
installed size is 5.9Mb
sub-directories of 1Mb or more:
data 3.3Mb
doc 1.2Mb
libs 1.4Mb
Flavor: r-oldrel-windows-x86_64