Last updated on 2025-10-22 05:51:00 CEST.
Flavor | Version | Tinstall | Tcheck | Ttotal | Status | Flags |
---|---|---|---|---|---|---|
r-devel-linux-x86_64-debian-clang | 0.2.0 | 643.29 | 218.67 | 861.96 | OK | |
r-devel-linux-x86_64-debian-gcc | 0.2.0 | 553.03 | 235.89 | 788.92 | OK | |
r-devel-linux-x86_64-fedora-clang | 0.2.0 | 1200.00 | 161.82 | 1361.82 | OK | |
r-devel-linux-x86_64-fedora-gcc | 0.2.0 | 2340.00 | -451.21 | 1888.79 | OK | |
r-devel-windows-x86_64 | 0.2.0 | 745.00 | 361.00 | 1106.00 | OK | |
r-patched-linux-x86_64 | 0.2.0 | 743.66 | 295.31 | 1038.97 | OK | |
r-release-linux-x86_64 | 0.2.0 | 769.65 | 299.27 | 1068.92 | OK | |
r-release-macos-arm64 | 0.2.0 | 243.00 | 97.00 | 340.00 | OK | |
r-release-macos-x86_64 | 0.2.0 | 238.00 | 213.00 | 451.00 | OK | |
r-release-windows-x86_64 | 0.2.0 | 747.00 | 371.00 | 1118.00 | OK | |
r-oldrel-macos-arm64 | 0.2.0 | 134.00 | 64.00 | 198.00 | NOTE | |
r-oldrel-macos-x86_64 | 0.2.0 | 103.00 | 105.00 | 208.00 | NOTE | |
r-oldrel-windows-x86_64 | 0.2.0 | 839.00 | 450.00 | 1289.00 | NOTE |
Version: 0.2.0
Check: installed package size
Result: NOTE
installed size is 96.6Mb
sub-directories of 1Mb or more:
libs 96.1Mb
Flavors: r-oldrel-macos-arm64, r-oldrel-macos-x86_64, r-oldrel-windows-x86_64
Version: 0.2.0
Check: for GNU extensions in Makefiles
Result: NOTE
GNU make is a SystemRequirements.
Flavors: r-oldrel-macos-arm64, r-oldrel-macos-x86_64, r-oldrel-windows-x86_64