Last updated on 2025-10-24 04:50:47 CEST.
| Flavor | Version | Tinstall | Tcheck | Ttotal | Status | Flags |
|---|---|---|---|---|---|---|
| r-devel-linux-x86_64-debian-clang | 1.1.0 | 8.36 | 84.28 | 92.64 | NOTE | |
| r-devel-linux-x86_64-debian-gcc | 1.1.0 | 6.81 | 60.99 | 67.80 | NOTE | |
| r-devel-linux-x86_64-fedora-clang | 1.1.0 | 23.00 | 124.95 | 147.95 | OK | |
| r-devel-linux-x86_64-fedora-gcc | 1.1.0 | 22.00 | 122.08 | 144.08 | OK | |
| r-devel-windows-x86_64 | 1.1.0 | 10.00 | 88.00 | 98.00 | OK | |
| r-patched-linux-x86_64 | 1.1.0 | 9.61 | 80.95 | 90.56 | OK | |
| r-release-linux-x86_64 | 1.1.0 | 8.32 | 81.40 | 89.72 | OK | |
| r-release-macos-arm64 | 1.1.0 | 4.00 | 45.00 | 49.00 | OK | |
| r-release-macos-x86_64 | 1.1.0 | 9.00 | 77.00 | 86.00 | OK | |
| r-release-windows-x86_64 | 1.1.0 | 11.00 | 95.00 | 106.00 | OK | |
| r-oldrel-macos-arm64 | 1.1.0 | 4.00 | 33.00 | 37.00 | OK | |
| r-oldrel-macos-x86_64 | 1.1.0 | 6.00 | 56.00 | 62.00 | OK | |
| r-oldrel-windows-x86_64 | 1.1.0 | 14.00 | 115.00 | 129.00 | OK |
Version: 1.1.0
Check: CRAN incoming feasibility
Result: NOTE
Maintainer: ‘Jorge Sicacha-Parada <jasicachap@unal.edu.co>’
No Authors@R field in DESCRIPTION.
Please add one, modifying
Authors@R: c(person(given = "Jorge",
family = "Sicacha-Parada",
role = c("aut", "cre"),
email = "jasicachap@unal.edu.co"),
person(given = "Edilberto",
family = "Cepeda-Cuervo",
role = "aut"))
as necessary.
Flavors: r-devel-linux-x86_64-debian-clang, r-devel-linux-x86_64-debian-gcc