CRAN Package Check Results for Package BT

Last updated on 2025-07-26 16:49:33 CEST.

Flavor Version Tinstall Tcheck Ttotal Status Flags
r-devel-linux-x86_64-debian-clang 0.4 2.88 379.67 382.55 NOTE
r-devel-linux-x86_64-debian-gcc 0.4 2.27 272.62 274.89 NOTE
r-devel-linux-x86_64-fedora-clang 0.4 565.65 OK
r-devel-linux-x86_64-fedora-gcc 0.4 666.42 OK
r-devel-windows-x86_64 0.4 4.00 513.00 517.00 NOTE
r-patched-linux-x86_64 0.4 2.98 377.03 380.01 NOTE
r-release-linux-x86_64 0.4 2.99 371.36 374.35 NOTE
r-release-macos-arm64 0.4 212.00 OK
r-release-macos-x86_64 0.4 581.00 OK
r-release-windows-x86_64 0.4 6.00 498.00 504.00 NOTE
r-oldrel-macos-arm64 0.4 193.00 OK
r-oldrel-macos-x86_64 0.4 387.00 OK
r-oldrel-windows-x86_64 0.4 6.00 624.00 630.00 OK

Check Details

Version: 0.4
Check: Rd cross-references
Result: NOTE Found the following Rd file(s) with Rd \link{} targets missing package anchors: BT.Rd: rpart, rpart.control BT_Call.Rd: rpart.control Please provide package anchors for all Rd \link{} targets not in the package itself and the base packages. Flavors: r-devel-linux-x86_64-debian-clang, r-devel-linux-x86_64-debian-gcc, r-devel-windows-x86_64, r-patched-linux-x86_64, r-release-linux-x86_64, r-release-windows-x86_64