Last updated on 2025-07-22 08:48:27 CEST.
Flavor | Version | Tinstall | Tcheck | Ttotal | Status | Flags |
---|---|---|---|---|---|---|
r-devel-linux-x86_64-debian-clang | 0.3.7 | 21.60 | 37.05 | 58.65 | NOTE | |
r-devel-linux-x86_64-debian-gcc | 0.3.7 | 17.55 | 33.19 | 50.74 | NOTE | |
r-devel-linux-x86_64-fedora-clang | 0.3.7 | 97.69 | NOTE | |||
r-devel-linux-x86_64-fedora-gcc | 0.3.7 | 100.12 | NOTE | |||
r-devel-windows-x86_64 | 0.3.7 | 28.00 | 71.00 | 99.00 | NOTE | |
r-patched-linux-x86_64 | 0.3.7 | 24.21 | 35.27 | 59.48 | NOTE | |
r-release-linux-x86_64 | 0.3.7 | 23.27 | 34.37 | 57.64 | NOTE | |
r-release-macos-arm64 | 0.3.7 | 33.00 | NOTE | |||
r-release-macos-x86_64 | 0.3.7 | 52.00 | NOTE | |||
r-release-windows-x86_64 | 0.3.7 | 26.00 | 74.00 | 100.00 | NOTE | |
r-oldrel-macos-arm64 | 0.3.7 | 35.00 | NOTE | |||
r-oldrel-macos-x86_64 | 0.3.7 | 47.00 | NOTE | |||
r-oldrel-windows-x86_64 | 0.3.7 | 26.00 | 86.00 | 112.00 | NOTE |
Version: 0.3.7
Check: Rd files
Result: NOTE
checkRd: (-1) terms.BTM.Rd:23-25: Lost braces in \itemize; \value handles \item{}{} directly
checkRd: (-1) terms.BTM.Rd:26-32: Lost braces in \itemize; \value handles \item{}{} directly
checkRd: (-1) terms.data.frame.Rd:25-31: Lost braces in \itemize; \value handles \item{}{} directly
checkRd: (-1) terms.data.frame.Rd:32-38: Lost braces in \itemize; \value handles \item{}{} directly
Flavors: r-devel-linux-x86_64-debian-clang, r-devel-linux-x86_64-debian-gcc, r-devel-linux-x86_64-fedora-clang, r-devel-linux-x86_64-fedora-gcc, r-devel-windows-x86_64, r-patched-linux-x86_64, r-release-linux-x86_64, r-release-macos-arm64, r-release-macos-x86_64, r-release-windows-x86_64, r-oldrel-macos-arm64, r-oldrel-macos-x86_64, r-oldrel-windows-x86_64