Last updated on 2025-10-22 05:51:01 CEST.
Flavor | Version | Tinstall | Tcheck | Ttotal | Status | Flags |
---|---|---|---|---|---|---|
r-devel-linux-x86_64-debian-clang | 2024.11.1 | 11.51 | 100.95 | 112.46 | NOTE | |
r-devel-linux-x86_64-debian-gcc | 2024.11.1 | 8.77 | 68.19 | 76.96 | NOTE | |
r-devel-linux-x86_64-fedora-clang | 2024.11.1 | 25.00 | 150.86 | 175.86 | OK | |
r-devel-linux-x86_64-fedora-gcc | 2024.11.1 | 24.00 | 157.55 | 181.55 | OK | |
r-devel-windows-x86_64 | 2024.11.1 | 14.00 | 102.00 | 116.00 | OK | |
r-patched-linux-x86_64 | 2024.11.1 | 10.71 | 95.28 | 105.99 | OK | |
r-release-linux-x86_64 | 2024.11.1 | 12.09 | 94.51 | 106.60 | OK | |
r-release-macos-arm64 | 2024.11.1 | 6.00 | 70.00 | 76.00 | OK | |
r-release-macos-x86_64 | 2024.11.1 | 10.00 | 99.00 | 109.00 | OK | |
r-release-windows-x86_64 | 2024.11.1 | 14.00 | 104.00 | 118.00 | OK | |
r-oldrel-macos-arm64 | 2024.11.1 | 5.00 | 46.00 | 51.00 | NOTE | |
r-oldrel-macos-x86_64 | 2024.11.1 | 9.00 | 76.00 | 85.00 | NOTE | |
r-oldrel-windows-x86_64 | 2024.11.1 | 19.00 | 128.00 | 147.00 | NOTE |
Version: 2024.11.1
Check: HTML version of manual
Result: NOTE
Found the following HTML validation problems:
PredictivePosterior.TSPDE.html:124:1 (PredictivePosterior.TSPDE.Rd:107): Warning: missing </ul> before </div>
Flavors: r-devel-linux-x86_64-debian-clang, r-devel-linux-x86_64-debian-gcc
Version: 2024.11.1
Check: installed package size
Result: NOTE
installed size is 5.3Mb
sub-directories of 1Mb or more:
doc 4.9Mb
Flavors: r-oldrel-macos-arm64, r-oldrel-macos-x86_64, r-oldrel-windows-x86_64