Last updated on 2025-10-22 05:50:59 CEST.
Flavor | Version | Tinstall | Tcheck | Ttotal | Status | Flags |
---|---|---|---|---|---|---|
r-devel-linux-x86_64-debian-clang | 0.7.4 | 14.19 | 157.24 | 171.43 | NOTE | |
r-devel-linux-x86_64-debian-gcc | 0.7.4 | 9.40 | 103.25 | 112.65 | NOTE | |
r-devel-linux-x86_64-fedora-clang | 0.7.4 | 32.00 | 226.41 | 258.41 | OK | |
r-devel-linux-x86_64-fedora-gcc | 0.7.4 | 36.00 | 228.36 | 264.36 | OK | |
r-devel-windows-x86_64 | 0.7.4 | 17.00 | 137.00 | 154.00 | OK | |
r-patched-linux-x86_64 | 0.7.4 | 14.75 | 141.45 | 156.20 | OK | |
r-release-linux-x86_64 | 0.7.4 | 13.04 | 138.65 | 151.69 | OK | |
r-release-macos-arm64 | 0.7.4 | 6.00 | 56.00 | 62.00 | OK | |
r-release-macos-x86_64 | 0.7.4 | 23.00 | 178.00 | 201.00 | OK | |
r-release-windows-x86_64 | 0.7.4 | 18.00 | 139.00 | 157.00 | OK | |
r-oldrel-macos-arm64 | 0.7.4 | 6.00 | 59.00 | 65.00 | NOTE | |
r-oldrel-macos-x86_64 | 0.7.4 | 25.00 | 214.00 | 239.00 | NOTE | |
r-oldrel-windows-x86_64 | 0.7.4 | 21.00 | 187.00 | 208.00 | NOTE |
Version: 0.7.4
Check: HTML version of manual
Result: NOTE
Found the following HTML validation problems:
plot.bayes_mixture.html:68:1 (plot.bayes_mixture.Rd:21): Warning: missing </ul> before </div>
plot.bayes_mode.html:59:1 (plot.bayes_mode.Rd:16): Warning: missing </ul> before </div>
plot.mix_mode.html:61:1 (plot.mix_mode.Rd:18): Warning: missing </ul> before </div>
plot.mixture.html:61:1 (plot.mixture.Rd:18): Warning: missing </ul> before </div>
print.bayes_mixture.html:63:1 (print.bayes_mixture.Rd:18): Warning: missing </ul> before </div>
print.bayes_mode.html:63:1 (print.bayes_mode.Rd:18): Warning: missing </ul> before </div>
print.mix_mode.html:63:1 (print.mix_mode.Rd:18): Warning: missing </ul> before </div>
print.mixture.html:63:1 (print.mixture.Rd:18): Warning: missing </ul> before </div>
summary.bayes_mixture.html:55:1 (summary.bayes_mixture.Rd:14): Warning: missing </ul> before </div>
summary.bayes_mode.html:51:1 (summary.bayes_mode.Rd:12): Warning: missing </ul> before </div>
summary.mix_mode.html:51:1 (summary.mix_mode.Rd:12): Warning: missing </ul> before </div>
summary.mixture.html:51:1 (summary.mixture.Rd:12): Warning: missing </ul> before </div>
Flavors: r-devel-linux-x86_64-debian-clang, r-devel-linux-x86_64-debian-gcc
Version: 0.7.4
Check: installed package size
Result: NOTE
installed size is 6.2Mb
sub-directories of 1Mb or more:
help 6.0Mb
Flavors: r-oldrel-macos-arm64, r-oldrel-macos-x86_64, r-oldrel-windows-x86_64