CRAN Package Check Results for Package BayesProject

Last updated on 2025-10-22 05:51:00 CEST.

Flavor Version Tinstall Tcheck Ttotal Status Flags
r-devel-linux-x86_64-debian-clang 1.0 22.29 29.39 51.68 NOTE
r-devel-linux-x86_64-debian-gcc 1.0 16.99 24.25 41.24 NOTE
r-devel-linux-x86_64-fedora-clang 1.0 45.00 40.90 85.90 OK
r-devel-linux-x86_64-fedora-gcc 1.0 127.00 -37.86 89.14 OK
r-devel-windows-x86_64 1.0 25.00 66.00 91.00 OK
r-patched-linux-x86_64 1.0 23.07 29.37 52.44 OK
r-release-linux-x86_64 1.0 22.45 29.22 51.67 OK
r-release-macos-arm64 1.0 12.00 21.00 33.00 OK
r-release-macos-x86_64 1.0 19.00 29.00 48.00 OK
r-release-windows-x86_64 1.0 26.00 64.00 90.00 OK
r-oldrel-macos-arm64 1.0 11.00 17.00 28.00 NOTE
r-oldrel-macos-x86_64 1.0 19.00 24.00 43.00 NOTE
r-oldrel-windows-x86_64 1.0 29.00 78.00 107.00 OK

Check Details

Version: 1.0
Check: CRAN incoming feasibility
Result: NOTE Maintainer: ‘Georg Hahn <ghahn@hsph.harvard.edu>’ No Authors@R field in DESCRIPTION. Please add one, modifying Authors@R: c(person(given = "Georg", family = "Hahn", role = c("aut", "cre"), email = "ghahn@hsph.harvard.edu"), person(given = "Paul", family = "Fearnhead", role = "ctb"), person(given = c("Idris", "A."), family = "Eckley", role = "ctb")) as necessary. Flavors: r-devel-linux-x86_64-debian-clang, r-devel-linux-x86_64-debian-gcc

Version: 1.0
Check: installed package size
Result: NOTE installed size is 8.8Mb sub-directories of 1Mb or more: libs 8.7Mb Flavors: r-oldrel-macos-arm64, r-oldrel-macos-x86_64