Last updated on 2025-10-22 05:50:59 CEST.
Flavor | Version | Tinstall | Tcheck | Ttotal | Status | Flags |
---|---|---|---|---|---|---|
r-devel-linux-x86_64-debian-clang | 0.1.2 | 5.20 | 56.98 | 62.18 | NOTE | |
r-devel-linux-x86_64-debian-gcc | 0.1.2 | 3.84 | 42.66 | 46.50 | NOTE | |
r-devel-linux-x86_64-fedora-clang | 0.1.2 | 18.00 | 81.88 | 99.88 | OK | |
r-devel-linux-x86_64-fedora-gcc | 0.1.2 | 25.00 | 83.37 | 108.37 | OK | |
r-devel-windows-x86_64 | 0.1.2 | 7.00 | 94.00 | 101.00 | OK | |
r-release-linux-x86_64 | 0.1.2 | 5.59 | 53.58 | 59.17 | OK | |
r-release-macos-arm64 | 0.1.2 | 3.00 | 32.00 | 35.00 | OK | |
r-release-macos-x86_64 | 0.1.2 | 5.00 | 69.00 | 74.00 | OK | |
r-release-windows-x86_64 | 0.1.2 | 9.00 | 95.00 | 104.00 | OK | |
r-oldrel-macos-arm64 | 0.1.2 | 3.00 | 41.00 | 44.00 | OK | |
r-oldrel-macos-x86_64 | 0.1.2 | 6.00 | 86.00 | 92.00 | OK | |
r-oldrel-windows-x86_64 | 0.1.2 | 9.00 | 93.00 | 102.00 | OK |
Version: 0.1.2
Check: HTML version of manual
Result: NOTE
Found the following HTML validation problems:
log_msg.html:51:1 (log_msg.Rd:12): Warning: missing </ul> before </div>
Flavors: r-devel-linux-x86_64-debian-clang, r-devel-linux-x86_64-debian-gcc