CRAN Package Check Results for Package BayesianPower

Last updated on 2025-10-22 05:50:59 CEST.

Flavor Version Tinstall Tcheck Ttotal Status Flags
r-devel-linux-x86_64-debian-clang 0.2.3 1.90 29.58 31.48 NOTE
r-devel-linux-x86_64-debian-gcc 0.2.3 1.45 22.89 24.34 NOTE
r-devel-linux-x86_64-fedora-clang 0.2.3 47.58 OK
r-devel-linux-x86_64-fedora-gcc 0.2.3 60.99 OK
r-devel-windows-x86_64 0.2.3 5.00 46.00 51.00 OK
r-patched-linux-x86_64 0.2.3 1.78 27.43 29.21 OK
r-release-linux-x86_64 0.2.3 1.84 27.32 29.16 OK
r-release-macos-arm64 0.2.3 1.00 23.00 24.00 OK
r-release-macos-x86_64 0.2.3 2.00 47.00 49.00 OK
r-release-windows-x86_64 0.2.3 4.00 49.00 53.00 OK
r-oldrel-macos-arm64 0.2.3 1.00 25.00 26.00 NOTE
r-oldrel-macos-x86_64 0.2.3 1.00 43.00 44.00 NOTE
r-oldrel-windows-x86_64 0.2.3 3.00 56.00 59.00 NOTE

Check Details

Version: 0.2.3
Check: CRAN incoming feasibility
Result: NOTE Maintainer: ‘Fayette Klaassen <klaassen.fayette@gmail.com>’ No Authors@R field in DESCRIPTION. Please add one, modifying Authors@R: person(given = "Fayette", family = "Klaassen", role = c("aut", "cre"), email = "klaassen.fayette@gmail.com") as necessary. Flavors: r-devel-linux-x86_64-debian-clang, r-devel-linux-x86_64-debian-gcc

Version: 0.2.3
Check: LazyData
Result: NOTE 'LazyData' is specified without a 'data' directory Flavors: r-oldrel-macos-arm64, r-oldrel-macos-x86_64, r-oldrel-windows-x86_64