Last updated on 2025-10-22 05:51:00 CEST.
Flavor | Version | Tinstall | Tcheck | Ttotal | Status | Flags |
---|---|---|---|---|---|---|
r-devel-linux-x86_64-debian-clang | 0.3.4 | 3.02 | 39.91 | 42.93 | NOTE | |
r-devel-linux-x86_64-debian-gcc | 0.3.4 | 2.65 | 30.77 | 33.42 | NOTE | |
r-devel-linux-x86_64-fedora-clang | 0.3.4 | 65.20 | OK | |||
r-devel-linux-x86_64-fedora-gcc | 0.3.4 | 77.91 | OK | |||
r-devel-windows-x86_64 | 0.3.4 | 5.00 | 57.00 | 62.00 | OK | |
r-patched-linux-x86_64 | 0.3.4 | 3.47 | 37.89 | 41.36 | OK | |
r-release-linux-x86_64 | 0.3.4 | 3.09 | 37.35 | 40.44 | OK | |
r-release-macos-arm64 | 0.3.4 | 2.00 | 46.00 | 48.00 | OK | |
r-release-macos-x86_64 | 0.3.4 | 3.00 | 48.00 | 51.00 | OK | |
r-release-windows-x86_64 | 0.3.4 | 6.00 | 59.00 | 65.00 | OK | |
r-oldrel-macos-arm64 | 0.3.4 | 2.00 | 28.00 | 30.00 | NOTE | |
r-oldrel-macos-x86_64 | 0.3.4 | 2.00 | 45.00 | 47.00 | NOTE | |
r-oldrel-windows-x86_64 | 0.3.4 | 7.00 | 68.00 | 75.00 | NOTE |
Version: 0.3.4
Check: HTML version of manual
Result: NOTE
Found the following HTML validation problems:
BioCircos-shiny.html:68:1 (BioCircos-shiny.Rd:25): Warning: missing </ul> before </div>
BioCircosTracklist.html:56:1 (BioCircosTracklist.Rd:18): Warning: missing </ul> before </div>
Flavors: r-devel-linux-x86_64-debian-clang, r-devel-linux-x86_64-debian-gcc
Version: 0.3.4
Check: LazyData
Result: NOTE
'LazyData' is specified without a 'data' directory
Flavors: r-oldrel-macos-arm64, r-oldrel-macos-x86_64, r-oldrel-windows-x86_64