Last updated on 2025-07-21 08:49:58 CEST.
Flavor | Version | Tinstall | Tcheck | Ttotal | Status | Flags |
---|---|---|---|---|---|---|
r-devel-linux-x86_64-debian-clang | 3.2.0 | 133.55 | 87.07 | 220.62 | NOTE | |
r-devel-linux-x86_64-debian-gcc | 3.2.0 | 92.59 | 63.29 | 155.88 | NOTE | |
r-devel-linux-x86_64-fedora-clang | 3.2.0 | 439.58 | NOTE | |||
r-devel-linux-x86_64-fedora-gcc | 3.2.0 | 398.76 | NOTE | |||
r-devel-windows-x86_64 | 3.2.0 | 201.00 | 150.00 | 351.00 | NOTE | |
r-patched-linux-x86_64 | 3.2.0 | 129.68 | 82.77 | 212.45 | NOTE | |
r-release-linux-x86_64 | 3.2.0 | 127.98 | 81.70 | 209.68 | NOTE | |
r-release-macos-arm64 | 3.2.0 | 108.00 | NOTE | |||
r-release-macos-x86_64 | 3.2.0 | 252.00 | NOTE | |||
r-release-windows-x86_64 | 3.2.0 | 204.00 | 156.00 | 360.00 | NOTE | |
r-oldrel-macos-arm64 | 3.2.0 | 120.00 | NOTE | |||
r-oldrel-macos-x86_64 | 3.2.0 | 153.00 | NOTE | |||
r-oldrel-windows-x86_64 | 3.2.0 | 199.00 | 187.00 | 386.00 | NOTE |
Version: 3.2.0
Check: C++ specification
Result: NOTE
Specified C++11: please drop specification unless essential
Flavors: r-devel-linux-x86_64-debian-clang, r-devel-linux-x86_64-debian-gcc, r-devel-linux-x86_64-fedora-clang, r-devel-linux-x86_64-fedora-gcc, r-devel-windows-x86_64, r-patched-linux-x86_64, r-release-linux-x86_64, r-release-macos-arm64, r-release-macos-x86_64, r-release-windows-x86_64, r-oldrel-macos-arm64, r-oldrel-macos-x86_64, r-oldrel-windows-x86_64
Version: 3.2.0
Check: installed package size
Result: NOTE
installed size is 19.6Mb
sub-directories of 1Mb or more:
data 2.0Mb
libs 17.3Mb
Flavors: r-oldrel-macos-arm64, r-oldrel-macos-x86_64
Version: 3.2.0
Check: for GNU extensions in Makefiles
Result: NOTE
GNU make is a SystemRequirements.
Flavors: r-oldrel-macos-arm64, r-oldrel-macos-x86_64, r-oldrel-windows-x86_64