Last updated on 2025-07-20 11:49:57 CEST.
Flavor | Version | Tinstall | Tcheck | Ttotal | Status | Flags |
---|---|---|---|---|---|---|
r-devel-linux-x86_64-debian-clang | 1.1.2 | 49.49 | 345.68 | 395.17 | OK | |
r-devel-linux-x86_64-debian-gcc | 1.1.3 | 36.32 | 258.49 | 294.81 | OK | |
r-devel-linux-x86_64-fedora-clang | 1.1.3 | 637.99 | OK | |||
r-devel-linux-x86_64-fedora-gcc | 1.1.3 | 610.23 | OK | |||
r-devel-windows-x86_64 | 1.1.3 | 16.00 | 8.00 | 24.00 | ERROR | |
r-patched-linux-x86_64 | 1.1.2 | 48.31 | 329.40 | 377.71 | OK | |
r-release-linux-x86_64 | 1.1.3 | 43.35 | 326.55 | 369.90 | OK | |
r-release-macos-arm64 | 1.1.3 | 115.00 | OK | |||
r-release-macos-x86_64 | 1.1.3 | 182.00 | OK | |||
r-release-windows-x86_64 | 1.1.3 | 51.00 | 281.00 | 332.00 | OK | |
r-oldrel-macos-arm64 | 1.1.3 | 118.00 | OK | |||
r-oldrel-macos-x86_64 | 1.1.3 | 197.00 | OK | |||
r-oldrel-windows-x86_64 | 1.1.3 | 51.00 | 401.00 | 452.00 | OK |
Version: 1.1.3
Check: whether package can be installed
Result: ERROR
Installation failed.
Flavor: r-devel-windows-x86_64