Last updated on 2025-10-22 05:51:01 CEST.
Flavor | Version | Tinstall | Tcheck | Ttotal | Status | Flags |
---|---|---|---|---|---|---|
r-devel-linux-x86_64-debian-clang | 9.0.0 | 1.95 | 88.59 | 90.54 | NOTE | |
r-devel-linux-x86_64-debian-gcc | 9.0.0 | 1.66 | 71.67 | 73.33 | NOTE | |
r-devel-linux-x86_64-fedora-clang | 9.0.0 | 161.13 | OK | |||
r-devel-linux-x86_64-fedora-gcc | 9.0.0 | 142.38 | OK | |||
r-devel-windows-x86_64 | 9.0.0 | 4.00 | 119.00 | 123.00 | OK | |
r-patched-linux-x86_64 | 9.0.0 | 2.72 | 84.93 | 87.65 | OK | |
r-release-linux-x86_64 | 9.0.0 | 2.07 | 84.01 | 86.08 | OK | |
r-release-macos-arm64 | 9.0.0 | 1.00 | 86.00 | 87.00 | OK | |
r-release-macos-x86_64 | 9.0.0 | 3.00 | 126.00 | 129.00 | OK | |
r-release-windows-x86_64 | 9.0.0 | 4.00 | 123.00 | 127.00 | OK | |
r-oldrel-macos-arm64 | 9.0.0 | 1.00 | 61.00 | 62.00 | OK | |
r-oldrel-macos-x86_64 | 9.0.0 | 3.00 | 142.00 | 145.00 | OK | |
r-oldrel-windows-x86_64 | 9.0.0 | 5.00 | 129.00 | 134.00 | OK |
Version: 9.0.0
Check: HTML version of manual
Result: NOTE
Found the following HTML validation problems:
getImpExtra.html:67:1 (getImpExtra.Rd:25): Warning: missing </ul> before </div>
Flavors: r-devel-linux-x86_64-debian-clang, r-devel-linux-x86_64-debian-gcc