Last updated on 2025-10-22 05:51:02 CEST.
Flavor | Version | Tinstall | Tcheck | Ttotal | Status | Flags |
---|---|---|---|---|---|---|
r-devel-linux-x86_64-debian-clang | 1.0.3 | 18.56 | 661.52 | 680.08 | NOTE | |
r-devel-linux-x86_64-debian-gcc | 1.0.3 | 11.60 | 446.05 | 457.65 | NOTE | |
r-devel-linux-x86_64-fedora-clang | 1.0.3 | 105.00 | 1010.74 | 1115.74 | OK | |
r-devel-linux-x86_64-fedora-gcc | 1.0.3 | 44.00 | 1033.36 | 1077.36 | OK | |
r-devel-windows-x86_64 | 1.0.3 | 19.00 | 603.00 | 622.00 | OK | |
r-patched-linux-x86_64 | 1.0.3 | 19.29 | 645.64 | 664.93 | OK | |
r-release-linux-x86_64 | 1.0.3 | 17.92 | 643.33 | 661.25 | OK | |
r-release-macos-arm64 | 1.0.3 | 10.00 | 354.00 | 364.00 | OK | |
r-release-macos-x86_64 | 1.0.3 | 15.00 | 680.00 | 695.00 | OK | |
r-release-windows-x86_64 | 1.0.3 | 19.00 | 604.00 | 623.00 | OK | |
r-oldrel-macos-arm64 | 1.0.3 | 9.00 | 341.00 | 350.00 | OK | |
r-oldrel-macos-x86_64 | 1.0.3 | 12.00 | 393.00 | 405.00 | OK | |
r-oldrel-windows-x86_64 | 1.0.3 | 27.00 | 912.00 | 939.00 | OK |
Version: 1.0.3
Check: HTML version of manual
Result: NOTE
Found the following HTML validation problems:
print.html:73:1 (print.Rd:40): Warning: missing </ul> before </div>
Flavors: r-devel-linux-x86_64-debian-clang, r-devel-linux-x86_64-debian-gcc