Last updated on 2025-10-24 04:50:48 CEST.
| Flavor | Version | Tinstall | Tcheck | Ttotal | Status | Flags |
|---|---|---|---|---|---|---|
| r-devel-linux-x86_64-debian-clang | 0.1.1 | 3.26 | 27.23 | 30.49 | NOTE | |
| r-devel-linux-x86_64-debian-gcc | 0.1.1 | 2.70 | 20.94 | 23.64 | OK | |
| r-devel-linux-x86_64-fedora-clang | 0.1.1 | 45.63 | OK | |||
| r-devel-linux-x86_64-fedora-gcc | 0.1.1 | 44.16 | OK | |||
| r-devel-windows-x86_64 | 0.1.1 | 6.00 | 53.00 | 59.00 | OK | |
| r-patched-linux-x86_64 | 0.1.1 | 3.48 | 25.70 | 29.18 | OK | |
| r-release-linux-x86_64 | 0.1.1 | 3.21 | 25.72 | 28.93 | OK | |
| r-release-macos-arm64 | 0.1.1 | 2.00 | 17.00 | 19.00 | OK | |
| r-release-macos-x86_64 | 0.1.1 | 6.00 | 30.00 | 36.00 | OK | |
| r-release-windows-x86_64 | 0.1.1 | 6.00 | 56.00 | 62.00 | OK | |
| r-oldrel-macos-arm64 | 0.1.1 | 3.00 | 22.00 | 25.00 | OK | |
| r-oldrel-macos-x86_64 | 0.1.1 | 4.00 | 24.00 | 28.00 | OK | |
| r-oldrel-windows-x86_64 | 0.1.1 | 8.00 | 62.00 | 70.00 | OK |
Version: 0.1.1
Check: HTML version of manual
Result: NOTE
Found the following HTML validation problems:
BackwardR.html:54:1 (BackwardR.Rd:14): Warning: missing </ul> before </div>
Emis.Gauss.html:54:1 (Emis.Gauss.Rd:14): Warning: missing </ul> before </div>
Emis.LRR.html:58:1 (Emis.LRR.Rd:16): Warning: missing </ul> before </div>
EmisGb.Gauss.html:54:1 (EmisGb.Gauss.Rd:14): Warning: missing </ul> before </div>
ForwardR.html:54:1 (ForwardR.Rd:14): Warning: missing </ul> before </div>
Flavor: r-devel-linux-x86_64-debian-clang