CRAN Package Check Results for Package CPAT

Last updated on 2025-07-19 08:48:32 CEST.

Flavor Version Tinstall Tcheck Ttotal Status Flags
r-devel-linux-x86_64-debian-clang 0.1.0 24.33 80.39 104.72 OK
r-devel-linux-x86_64-debian-gcc 0.1.0 16.00 47.69 63.69 OK
r-devel-linux-x86_64-fedora-clang 0.1.0 167.77 NOTE
r-devel-linux-x86_64-fedora-gcc 0.1.0 148.24 NOTE
r-devel-windows-x86_64 0.1.0 30.00 116.00 146.00 OK
r-patched-linux-x86_64 0.1.0 23.58 64.10 87.68 OK
r-release-linux-x86_64 0.1.0 24.23 63.95 88.18 OK
r-release-macos-arm64 0.1.0 57.00 OK
r-release-macos-x86_64 0.1.0 150.00 OK
r-release-windows-x86_64 0.1.0 29.00 120.00 149.00 OK
r-oldrel-macos-arm64 0.1.0 49.00 OK
r-oldrel-macos-x86_64 0.1.0 82.00 OK
r-oldrel-windows-x86_64 0.1.0 35.00 145.00 180.00 OK

Check Details

Version: 0.1.0
Check: dependencies in R code
Result: NOTE Namespaces in Imports field not imported from: ‘Rdpack’ ‘grDevices’ All declared Imports should be used. Flavors: r-devel-linux-x86_64-fedora-clang, r-devel-linux-x86_64-fedora-gcc