Last updated on 2025-10-22 05:51:04 CEST.
Flavor | Version | Tinstall | Tcheck | Ttotal | Status | Flags |
---|---|---|---|---|---|---|
r-devel-linux-x86_64-debian-clang | 2.0.1 | 13.74 | 96.51 | 110.25 | NOTE | |
r-devel-linux-x86_64-debian-gcc | 2.0.1 | 9.22 | 66.48 | 75.70 | NOTE | |
r-devel-linux-x86_64-fedora-clang | 2.0.1 | 25.00 | 141.19 | 166.19 | OK | |
r-devel-linux-x86_64-fedora-gcc | 2.0.1 | 32.00 | 127.26 | 159.26 | OK | |
r-devel-windows-x86_64 | 2.0.1 | 13.00 | 96.00 | 109.00 | OK | |
r-patched-linux-x86_64 | 2.0.1 | 12.15 | 89.60 | 101.75 | OK | |
r-release-linux-x86_64 | 2.0.1 | 12.40 | 90.57 | 102.97 | OK | |
r-release-macos-arm64 | 2.0.1 | 6.00 | 47.00 | 53.00 | OK | |
r-release-macos-x86_64 | 2.0.1 | 10.00 | 70.00 | 80.00 | OK | |
r-release-windows-x86_64 | 2.0.1 | 14.00 | 92.00 | 106.00 | OK | |
r-oldrel-macos-arm64 | 2.0.1 | 5.00 | 39.00 | 44.00 | OK | |
r-oldrel-macos-x86_64 | 2.0.1 | 9.00 | 55.00 | 64.00 | OK | |
r-oldrel-windows-x86_64 | 2.0.1 | 18.00 | 122.00 | 140.00 | OK |
Version: 2.0.1
Check: HTML version of manual
Result: NOTE
Found the following HTML validation problems:
fitted.CRTgeeDR.html:51:1 (fitted.CRTgeeDR.Rd:13): Warning: missing </ul> before </div>
getCI.html:54:1 (getCI.Rd:14): Warning: missing </ul> before </div>
getOMPlot.html:59:1 (getOMPlot.Rd:17): Warning: missing </ul> before </div>
getPSPlot.html:59:1 (getPSPlot.Rd:17): Warning: missing </ul> before </div>
predict.CRTgeeDR.html:55:1 (predict.CRTgeeDR.Rd:15): Warning: missing </ul> before </div>
print.CRTgeeDR.html:51:1 (print.CRTgeeDR.Rd:13): Warning: missing </ul> before </div>
print.summary.CRTgeeDR.html:51:1 (print.summary.CRTgeeDR.Rd:13): Warning: missing </ul> before </div>
summary.CRTgeeDR.html:51:1 (summary.CRTgeeDR.Rd:13): Warning: missing </ul> before </div>
Flavors: r-devel-linux-x86_64-debian-clang, r-devel-linux-x86_64-debian-gcc