Last updated on 2025-10-24 04:50:50 CEST.
| Flavor | Version | Tinstall | Tcheck | Ttotal | Status | Flags |
|---|---|---|---|---|---|---|
| r-devel-linux-x86_64-debian-clang | 1.2.0 | 11.74 | 109.27 | 121.01 | NOTE | |
| r-devel-linux-x86_64-debian-gcc | 1.2.0 | 9.20 | 80.33 | 89.53 | OK | |
| r-devel-linux-x86_64-fedora-clang | 1.2.0 | 26.00 | 156.19 | 182.19 | OK | |
| r-devel-linux-x86_64-fedora-gcc | 1.2.0 | 25.00 | 165.17 | 190.17 | OK | |
| r-devel-windows-x86_64 | 1.2.0 | 14.00 | 103.00 | 117.00 | OK | |
| r-patched-linux-x86_64 | 1.2.0 | 12.23 | 102.52 | 114.75 | OK | |
| r-release-linux-x86_64 | 1.2.0 | 11.43 | 102.13 | 113.56 | OK | |
| r-release-macos-arm64 | 1.2.0 | 5.00 | 45.00 | 50.00 | OK | |
| r-release-macos-x86_64 | 1.2.0 | 11.00 | 81.00 | 92.00 | OK | |
| r-release-windows-x86_64 | 1.2.0 | 14.00 | 102.00 | 116.00 | OK | |
| r-oldrel-macos-arm64 | 1.2.0 | 5.00 | 45.00 | 50.00 | NOTE | |
| r-oldrel-macos-x86_64 | 1.2.0 | 9.00 | 72.00 | 81.00 | NOTE | |
| r-oldrel-windows-x86_64 | 1.2.0 | 17.00 | 129.00 | 146.00 | NOTE |
Version: 1.2.0
Check: HTML version of manual
Result: NOTE
Found the following HTML validation problems:
PCR.html:54:1 (PCR.Rd:14): Warning: missing </ul> before </div>
Flavor: r-devel-linux-x86_64-debian-clang
Version: 1.2.0
Check: LazyData
Result: NOTE
'LazyData' is specified without a 'data' directory
Flavors: r-oldrel-macos-arm64, r-oldrel-macos-x86_64, r-oldrel-windows-x86_64