Last updated on 2025-10-22 05:51:04 CEST.
Flavor | Version | Tinstall | Tcheck | Ttotal | Status | Flags |
---|---|---|---|---|---|---|
r-devel-linux-x86_64-debian-clang | 0.4.0 | 9.49 | 85.85 | 95.34 | OK | |
r-devel-linux-x86_64-debian-gcc | 0.4.0 | 6.50 | 60.69 | 67.19 | OK | |
r-devel-linux-x86_64-fedora-clang | 0.4.0 | 20.00 | 125.47 | 145.47 | OK | |
r-devel-linux-x86_64-fedora-gcc | 0.4.0 | 20.00 | 119.56 | 139.56 | OK | |
r-devel-windows-x86_64 | 0.4.0 | 11.00 | 91.00 | 102.00 | OK | |
r-patched-linux-x86_64 | 0.4.0 | 8.40 | 80.77 | 89.17 | OK | |
r-release-linux-x86_64 | 0.4.0 | 9.05 | 80.15 | 89.20 | OK | |
r-release-macos-arm64 | 0.4.0 | 5.00 | 84.00 | 89.00 | OK | |
r-release-macos-x86_64 | 0.4.0 | 8.00 | 63.00 | 71.00 | OK | |
r-release-windows-x86_64 | 0.4.0 | 11.00 | 90.00 | 101.00 | OK | |
r-oldrel-macos-arm64 | 0.4.0 | 5.00 | 38.00 | 43.00 | NOTE | |
r-oldrel-macos-x86_64 | 0.4.0 | 8.00 | 75.00 | 83.00 | NOTE | |
r-oldrel-windows-x86_64 | 0.4.0 | 13.00 | 115.00 | 128.00 | NOTE |
Version: 0.4.0
Check: package dependencies
Result: NOTE
Depends: includes the non-default packages:
'combinat', 'matrixcalc', 'mvtnorm', 'expm', 'CompQuadForm',
'ggplot2'
Adding so many packages to the search path is excessive and importing
selectively is preferable.
Flavors: r-oldrel-macos-arm64, r-oldrel-macos-x86_64, r-oldrel-windows-x86_64