Last updated on 2025-07-21 08:50:00 CEST.
Flavor | Version | Tinstall | Tcheck | Ttotal | Status | Flags |
---|---|---|---|---|---|---|
r-devel-linux-x86_64-debian-clang | 0.2-3 | 8.15 | 77.92 | 86.07 | NOTE | |
r-devel-linux-x86_64-debian-gcc | 0.2-3 | 6.54 | 55.02 | 61.56 | NOTE | |
r-devel-linux-x86_64-fedora-clang | 0.2-3 | 136.82 | OK | |||
r-devel-linux-x86_64-fedora-gcc | 0.2-3 | 128.13 | OK | |||
r-devel-windows-x86_64 | 0.2-3 | 9.00 | 82.00 | 91.00 | OK | |
r-patched-linux-x86_64 | 0.2-3 | 8.37 | 73.36 | 81.73 | OK | |
r-release-linux-x86_64 | 0.2-3 | 7.74 | 74.33 | 82.07 | OK | |
r-release-macos-arm64 | 0.2-3 | 38.00 | OK | |||
r-release-macos-x86_64 | 0.2-3 | 74.00 | OK | |||
r-release-windows-x86_64 | 0.2-3 | 8.00 | 83.00 | 91.00 | OK | |
r-oldrel-macos-arm64 | 0.2-3 | 35.00 | OK | |||
r-oldrel-macos-x86_64 | 0.2-3 | 56.00 | OK | |||
r-oldrel-windows-x86_64 | 0.2-3 | 11.00 | 103.00 | 114.00 | OK |
Version: 0.2-3
Check: CRAN incoming feasibility
Result: NOTE
Maintainer: ‘Tammo Krueger <tammokrueger@googlemail.com>’
No Authors@R field in DESCRIPTION.
Please add one, modifying
Authors@R: c(person(given = "Tammo",
family = "Krueger",
role = c("aut", "cre"),
email = "tammokrueger@googlemail.com"),
person(given = "Mikio",
family = "Braun",
role = "aut"))
as necessary.
Flavors: r-devel-linux-x86_64-debian-clang, r-devel-linux-x86_64-debian-gcc