Last updated on 2025-10-22 05:51:03 CEST.
Flavor | Version | Tinstall | Tcheck | Ttotal | Status | Flags |
---|---|---|---|---|---|---|
r-devel-linux-x86_64-debian-clang | 1.1.6 | 4.87 | 29.92 | 34.79 | OK | |
r-devel-linux-x86_64-debian-gcc | 1.1.6 | 4.21 | 22.87 | 27.08 | OK | |
r-devel-linux-x86_64-fedora-clang | 1.1.6 | 12.00 | 40.62 | 52.62 | NOTE | |
r-devel-linux-x86_64-fedora-gcc | 1.1.6 | 23.00 | 29.75 | 52.75 | NOTE | |
r-devel-windows-x86_64 | 1.1.6 | 9.00 | 56.00 | 65.00 | OK | |
r-patched-linux-x86_64 | 1.1.6 | 5.54 | 28.24 | 33.78 | OK | |
r-release-linux-x86_64 | 1.1.6 | 5.27 | 28.23 | 33.50 | OK | |
r-release-macos-arm64 | 1.1.6 | 4.00 | 18.00 | 22.00 | OK | |
r-release-macos-x86_64 | 1.1.6 | 6.00 | 25.00 | 31.00 | OK | |
r-release-windows-x86_64 | 1.1.6 | 9.00 | 58.00 | 67.00 | OK | |
r-oldrel-macos-arm64 | 1.1.6 | 3.00 | 20.00 | 23.00 | OK | |
r-oldrel-macos-x86_64 | 1.1.6 | 4.00 | 23.00 | 27.00 | OK | |
r-oldrel-windows-x86_64 | 1.1.6 | 9.00 | 56.00 | 65.00 | OK |
Version: 1.1.6
Check: compiled code
Result: NOTE
File ‘ClickClust/libs/ClickClust.so’:
Found no calls to: ‘R_registerRoutines’, ‘R_useDynamicSymbols’
It is good practice to register native routines and to disable symbol
search.
See ‘Writing portable packages’ in the ‘Writing R Extensions’ manual.
Flavors: r-devel-linux-x86_64-fedora-clang, r-devel-linux-x86_64-fedora-gcc