Last updated on 2025-10-24 04:50:48 CEST.
| Flavor | Version | Tinstall | Tcheck | Ttotal | Status | Flags |
|---|---|---|---|---|---|---|
| r-devel-linux-x86_64-debian-clang | 0.4.0 | 3.49 | 120.09 | 123.58 | NOTE | |
| r-devel-linux-x86_64-debian-gcc | 0.4.0 | 2.07 | 83.88 | 85.95 | NOTE | |
| r-devel-linux-x86_64-fedora-clang | 0.4.0 | 189.06 | OK | |||
| r-devel-linux-x86_64-fedora-gcc | 0.4.0 | 16.00 | 189.41 | 205.41 | OK | |
| r-devel-windows-x86_64 | 0.4.0 | 6.00 | 114.00 | 120.00 | OK | |
| r-patched-linux-x86_64 | 0.4.0 | 3.95 | 116.24 | 120.19 | OK | |
| r-release-linux-x86_64 | 0.4.0 | 3.74 | 116.82 | 120.56 | OK | |
| r-release-macos-arm64 | 0.4.0 | 2.00 | 53.00 | 55.00 | OK | |
| r-release-macos-x86_64 | 0.4.0 | 3.00 | 95.00 | 98.00 | OK | |
| r-release-windows-x86_64 | 0.4.0 | 9.00 | 115.00 | 124.00 | OK | |
| r-oldrel-macos-arm64 | 0.4.0 | 1.00 | 48.00 | 49.00 | OK | |
| r-oldrel-macos-x86_64 | 0.4.0 | 3.00 | 77.00 | 80.00 | OK | |
| r-oldrel-windows-x86_64 | 0.4.0 | 8.00 | 143.00 | 151.00 | OK |
Version: 0.4.0
Check: CRAN incoming feasibility
Result: NOTE
Maintainer: ‘Jens Lange <lange.jens@outlook.com>’
Package CITATION file contains call(s) to old-style citEntry(). Please
use bibentry() instead.
Flavors: r-devel-linux-x86_64-debian-clang, r-devel-linux-x86_64-debian-gcc