Last updated on 2025-10-22 05:51:03 CEST.
Flavor | Version | Tinstall | Tcheck | Ttotal | Status | Flags |
---|---|---|---|---|---|---|
r-devel-linux-x86_64-debian-clang | 1.1.0 | 51.22 | 269.44 | 320.66 | NOTE | |
r-devel-linux-x86_64-debian-gcc | 1.1.0 | 35.09 | 204.49 | 239.58 | NOTE | |
r-devel-linux-x86_64-fedora-clang | 1.1.0 | 164.00 | 349.76 | 513.76 | OK | |
r-devel-linux-x86_64-fedora-gcc | 1.1.0 | 129.00 | 392.67 | 521.67 | OK | |
r-devel-windows-x86_64 | 1.1.0 | 59.00 | 283.00 | 342.00 | OK | |
r-patched-linux-x86_64 | 1.1.0 | 51.75 | 256.89 | 308.64 | OK | |
r-release-linux-x86_64 | 1.1.0 | 53.55 | 257.50 | 311.05 | OK | |
r-release-macos-arm64 | 1.1.0 | 20.00 | 114.00 | 134.00 | OK | |
r-release-macos-x86_64 | 1.1.0 | 26.00 | 227.00 | 253.00 | OK | |
r-release-windows-x86_64 | 1.1.0 | 61.00 | 307.00 | 368.00 | OK | |
r-oldrel-macos-arm64 | 1.1.0 | 21.00 | 119.00 | 140.00 | NOTE | |
r-oldrel-macos-x86_64 | 1.1.0 | 25.00 | 222.00 | 247.00 | NOTE | |
r-oldrel-windows-x86_64 | 1.1.0 | 74.00 | 389.00 | 463.00 | NOTE |
Version: 1.1.0
Check: HTML version of manual
Result: NOTE
Found the following HTML validation problems:
write_shiny_app.html:148:1 (write_shiny_app.Rd:83): Warning: missing </ul> before </div>
Flavors: r-devel-linux-x86_64-debian-clang, r-devel-linux-x86_64-debian-gcc
Version: 1.1.0
Check: package dependencies
Result: NOTE
Packages suggested but not available for checking:
'monocle3', 'SharedObject'
Flavors: r-oldrel-macos-arm64, r-oldrel-macos-x86_64
Version: 1.1.0
Check: package dependencies
Result: NOTE
Package suggested but not available for checking: 'monocle3'
Flavor: r-oldrel-windows-x86_64