Last updated on 2025-10-22 05:51:03 CEST.
Flavor | Version | Tinstall | Tcheck | Ttotal | Status | Flags |
---|---|---|---|---|---|---|
r-devel-linux-x86_64-debian-clang | 1.0.5 | 5.77 | 57.63 | 63.40 | NOTE | |
r-devel-linux-x86_64-debian-gcc | 1.0.5 | 3.72 | 39.17 | 42.89 | NOTE | |
r-devel-linux-x86_64-fedora-clang | 1.0.5 | 12.00 | 80.95 | 92.95 | OK | |
r-devel-linux-x86_64-fedora-gcc | 1.0.5 | 19.00 | 87.34 | 106.34 | OK | |
r-devel-windows-x86_64 | 1.0.5 | 7.00 | 67.00 | 74.00 | OK | |
r-patched-linux-x86_64 | 1.0.5 | 4.82 | 52.92 | 57.74 | OK | |
r-release-linux-x86_64 | 1.0.5 | 5.39 | 51.86 | 57.25 | OK | |
r-release-macos-arm64 | 1.0.5 | 3.00 | 32.00 | 35.00 | OK | |
r-release-macos-x86_64 | 1.0.5 | 5.00 | 60.00 | 65.00 | OK | |
r-release-windows-x86_64 | 1.0.5 | 9.00 | 69.00 | 78.00 | OK | |
r-oldrel-macos-arm64 | 1.0.5 | 2.00 | 30.00 | 32.00 | OK | |
r-oldrel-macos-x86_64 | 1.0.5 | 4.00 | 46.00 | 50.00 | OK | |
r-oldrel-windows-x86_64 | 1.0.5 | 10.00 | 86.00 | 96.00 | OK |
Version: 1.0.5
Check: CRAN incoming feasibility
Result: NOTE
Maintainer: ‘Elias Laurin Meyer <elias.meyer@meduniwien.ac.at>’
The Description field contains
in Meyer et al. <arXiv:2202.02182>.
Please refer to arXiv e-prints via their arXiv DOI <doi:10.48550/arXiv.YYMM.NNNNN>.
Flavors: r-devel-linux-x86_64-debian-clang, r-devel-linux-x86_64-debian-gcc