Last updated on 2025-10-22 05:51:03 CEST.
Flavor | Version | Tinstall | Tcheck | Ttotal | Status | Flags |
---|---|---|---|---|---|---|
r-devel-linux-x86_64-debian-clang | 2.4.0 | 16.10 | 184.56 | 200.66 | NOTE | |
r-devel-linux-x86_64-debian-gcc | 2.4.0 | 10.39 | 120.58 | 130.97 | NOTE | |
r-devel-linux-x86_64-fedora-clang | 2.4.0 | 41.00 | 261.36 | 302.36 | OK | |
r-devel-linux-x86_64-fedora-gcc | 2.4.0 | 33.00 | 296.61 | 329.61 | OK | |
r-devel-windows-x86_64 | 2.4.0 | 17.00 | 163.00 | 180.00 | OK | |
r-patched-linux-x86_64 | 2.4.0 | 15.96 | 175.43 | 191.39 | OK | |
r-release-linux-x86_64 | 2.4.0 | 14.98 | 171.78 | 186.76 | OK | |
r-release-macos-arm64 | 2.4.0 | 7.00 | 69.00 | 76.00 | OK | |
r-release-macos-x86_64 | 2.4.0 | 10.00 | 91.00 | 101.00 | OK | |
r-release-windows-x86_64 | 2.4.0 | 17.00 | 161.00 | 178.00 | OK | |
r-oldrel-macos-arm64 | 2.4.0 | 6.00 | 66.00 | 72.00 | OK | |
r-oldrel-macos-x86_64 | 2.4.0 | 11.00 | 98.00 | 109.00 | OK | |
r-oldrel-windows-x86_64 | 2.4.0 | 22.00 | 223.00 | 245.00 | OK |
Version: 2.4.0
Check: HTML version of manual
Result: NOTE
Found the following HTML validation problems:
CopulaSelection.html:55:1 (CopulaSelection.Rd:15): Warning: missing </ul> before </div>
MarginalsSelection.html:94:1 (MarginalsSelection.Rd:40): Warning: missing </ul> before </div>
Sstar.html:67:1 (Sstar.Rd:20): Warning: missing </ul> before </div>
get_prob1.html:84:1 (get_prob1.Rd:34): Warning: missing </ul> before </div>
Flavors: r-devel-linux-x86_64-debian-clang, r-devel-linux-x86_64-debian-gcc