CRAN Package Check Results for Package CompositeReliability

Last updated on 2025-10-22 05:51:03 CEST.

Flavor Version Tinstall Tcheck Ttotal Status Flags
r-devel-linux-x86_64-debian-clang 1.0.3 2.02 34.03 36.05 NOTE
r-devel-linux-x86_64-debian-gcc 1.0.3 1.30 26.17 27.47 NOTE
r-devel-linux-x86_64-fedora-clang 1.0.3 50.33 OK
r-devel-linux-x86_64-fedora-gcc 1.0.3 47.08 OK
r-devel-windows-x86_64 1.0.3 4.00 50.00 54.00 OK
r-patched-linux-x86_64 1.0.3 2.13 30.23 32.36 OK
r-release-linux-x86_64 1.0.3 1.78 30.14 31.92 OK
r-release-macos-arm64 1.0.3 1.00 19.00 20.00 OK
r-release-macos-x86_64 1.0.3 2.00 32.00 34.00 OK
r-release-windows-x86_64 1.0.3 5.00 51.00 56.00 OK
r-oldrel-macos-arm64 1.0.3 1.00 19.00 20.00 OK
r-oldrel-macos-x86_64 1.0.3 2.00 26.00 28.00 OK
r-oldrel-windows-x86_64 1.0.3 4.00 59.00 63.00 OK

Check Details

Version: 1.0.3
Check: HTML version of manual
Result: NOTE Found the following HTML validation problems: mydata.html:58:1 (mydata.Rd:17): Warning: missing </ul> before </div> Flavors: r-devel-linux-x86_64-debian-clang, r-devel-linux-x86_64-debian-gcc