Last updated on 2025-10-22 05:51:03 CEST.
Flavor | Version | Tinstall | Tcheck | Ttotal | Status | Flags |
---|---|---|---|---|---|---|
r-devel-linux-x86_64-debian-clang | 1.4 | 27.19 | 108.95 | 136.14 | OK | |
r-devel-linux-x86_64-debian-gcc | 1.4 | 20.77 | 78.08 | 98.85 | OK | |
r-devel-linux-x86_64-fedora-clang | 1.4 | 168.00 | 53.71 | 221.71 | OK | |
r-devel-linux-x86_64-fedora-gcc | 1.4 | 71.00 | 131.22 | 202.22 | OK | |
r-devel-windows-x86_64 | 1.4 | 36.00 | 121.00 | 157.00 | OK | |
r-patched-linux-x86_64 | 1.4 | 29.21 | 102.75 | 131.96 | OK | |
r-release-linux-x86_64 | 1.4 | 29.69 | 99.57 | 129.26 | OK | |
r-release-macos-arm64 | 1.4 | 13.00 | 40.00 | 53.00 | OK | |
r-release-macos-x86_64 | 1.4 | 54.00 | 152.00 | 206.00 | OK | |
r-release-windows-x86_64 | 1.4 | 35.00 | 122.00 | 157.00 | OK | |
r-oldrel-macos-arm64 | 1.4 | 13.00 | 44.00 | 57.00 | NOTE | |
r-oldrel-macos-x86_64 | 1.4 | 44.00 | 126.00 | 170.00 | NOTE | |
r-oldrel-windows-x86_64 | 1.4 | 42.00 | 166.00 | 208.00 | NOTE |
Version: 1.4
Check: for GNU extensions in Makefiles
Result: NOTE
GNU make is a SystemRequirements.
Flavors: r-oldrel-macos-arm64, r-oldrel-macos-x86_64, r-oldrel-windows-x86_64