Last updated on 2025-10-22 05:51:03 CEST.
Flavor | Version | Tinstall | Tcheck | Ttotal | Status | Flags |
---|---|---|---|---|---|---|
r-devel-linux-x86_64-debian-clang | 0.1.2 | 14.13 | 148.85 | 162.98 | NOTE | |
r-devel-linux-x86_64-debian-gcc | 0.1.2 | 10.29 | 102.84 | 113.13 | NOTE | |
r-devel-linux-x86_64-fedora-clang | 0.1.2 | 37.00 | 211.59 | 248.59 | NOTE | |
r-devel-linux-x86_64-fedora-gcc | 0.1.2 | 36.00 | 234.89 | 270.89 | NOTE | |
r-devel-windows-x86_64 | 0.1.2 | 17.00 | 143.00 | 160.00 | OK | |
r-patched-linux-x86_64 | 0.1.2 | 11.59 | 138.78 | 150.37 | OK | |
r-release-linux-x86_64 | 0.1.2 | 13.07 | 139.65 | 152.72 | OK | |
r-release-macos-arm64 | 0.1.2 | 6.00 | 66.00 | 72.00 | OK | |
r-release-macos-x86_64 | 0.1.2 | 12.00 | 123.00 | 135.00 | OK | |
r-release-windows-x86_64 | 0.1.2 | 17.00 | 143.00 | 160.00 | OK | |
r-oldrel-macos-arm64 | 0.1.2 | 6.00 | 63.00 | 69.00 | OK | |
r-oldrel-macos-x86_64 | 0.1.2 | 9.00 | 90.00 | 99.00 | OK | |
r-oldrel-windows-x86_64 | 0.1.2 | 21.00 | 186.00 | 207.00 | OK |
Version: 0.1.2
Check: HTML version of manual
Result: NOTE
Found the following HTML validation problems:
CondiS.html:54:1 (CondiS.Rd:14): Warning: missing </ul> before </div>
CondiS_X.html:58:1 (CondiS_X.Rd:16): Warning: missing </ul> before </div>
Flavors: r-devel-linux-x86_64-debian-clang, r-devel-linux-x86_64-debian-gcc
Version: 0.1.2
Check: dependencies in R code
Result: NOTE
Namespaces in Imports field not imported from:
‘kernlab’ ‘purrr’ ‘survminer’ ‘tidyverse’
All declared Imports should be used.
Flavors: r-devel-linux-x86_64-fedora-clang, r-devel-linux-x86_64-fedora-gcc