Last updated on 2025-10-22 05:51:03 CEST.
Flavor | Version | Tinstall | Tcheck | Ttotal | Status | Flags |
---|---|---|---|---|---|---|
r-devel-linux-x86_64-debian-clang | 1.1.0 | 5.57 | 123.43 | 129.00 | NOTE | |
r-devel-linux-x86_64-debian-gcc | 1.1.0 | 4.90 | 93.23 | 98.13 | NOTE | |
r-devel-linux-x86_64-fedora-clang | 1.1.0 | 13.00 | 167.83 | 180.83 | OK | |
r-devel-linux-x86_64-fedora-gcc | 1.1.0 | 13.00 | 191.60 | 204.60 | OK | |
r-devel-windows-x86_64 | 1.1.0 | 9.00 | 228.00 | 237.00 | OK | |
r-patched-linux-x86_64 | 1.1.0 | 5.69 | 119.73 | 125.42 | OK | |
r-release-linux-x86_64 | 1.1.0 | 6.23 | 119.69 | 125.92 | OK | |
r-release-macos-arm64 | 1.1.0 | 3.00 | 121.00 | 124.00 | OK | |
r-release-macos-x86_64 | 1.1.0 | 6.00 | 254.00 | 260.00 | OK | |
r-release-windows-x86_64 | 1.1.0 | 8.00 | 235.00 | 243.00 | OK | |
r-oldrel-macos-arm64 | 1.1.0 | 4.00 | 99.00 | 103.00 | NOTE | |
r-oldrel-macos-x86_64 | 1.1.0 | 6.00 | 224.00 | 230.00 | NOTE | |
r-oldrel-windows-x86_64 | 1.1.0 | 11.00 | 333.00 | 344.00 | NOTE |
Version: 1.1.0
Check: HTML version of manual
Result: NOTE
Found the following HTML validation problems:
predict.html:59:1 (predict.Rd:19): Warning: missing </ul> before </div>
Flavors: r-devel-linux-x86_64-debian-clang, r-devel-linux-x86_64-debian-gcc
Version: 1.1.0
Check: installed package size
Result: NOTE
installed size is 6.5Mb
sub-directories of 1Mb or more:
doc 5.4Mb
Flavors: r-oldrel-macos-arm64, r-oldrel-macos-x86_64, r-oldrel-windows-x86_64