Last updated on 2025-10-24 04:50:49 CEST.
| Flavor | Version | Tinstall | Tcheck | Ttotal | Status | Flags |
|---|---|---|---|---|---|---|
| r-devel-linux-x86_64-debian-clang | 0.1.0 | 8.96 | 68.45 | 77.41 | NOTE | |
| r-devel-linux-x86_64-debian-gcc | 0.1.0 | 6.46 | 48.21 | 54.67 | NOTE | |
| r-devel-linux-x86_64-fedora-clang | 0.1.0 | 22.00 | 91.82 | 113.82 | OK | |
| r-devel-linux-x86_64-fedora-gcc | 0.1.0 | 45.00 | 71.38 | 116.38 | OK | |
| r-devel-windows-x86_64 | 0.1.0 | 11.00 | 76.00 | 87.00 | NOTE | |
| r-patched-linux-x86_64 | 0.1.0 | 9.35 | 61.70 | 71.05 | NOTE | |
| r-release-linux-x86_64 | 0.1.0 | 8.51 | 61.23 | 69.74 | NOTE | |
| r-release-macos-arm64 | 0.1.0 | 4.00 | 27.00 | 31.00 | OK | |
| r-release-macos-x86_64 | 0.1.0 | 13.00 | 57.00 | 70.00 | OK | |
| r-release-windows-x86_64 | 0.1.0 | 10.00 | 75.00 | 85.00 | NOTE | |
| r-oldrel-macos-arm64 | 0.1.0 | 4.00 | 27.00 | 31.00 | OK | |
| r-oldrel-macos-x86_64 | 0.1.0 | 5.00 | 37.00 | 42.00 | OK | |
| r-oldrel-windows-x86_64 | 0.1.0 | 13.00 | 98.00 | 111.00 | OK |
Version: 0.1.0
Check: CRAN incoming feasibility
Result: NOTE
Maintainer: ‘Jiajing Zheng <carolinez6850@gmail.com>’
The Description field contains
Inference with Unobserved Confounding <arXiv:2102.09412>, with Gaussian
Please refer to arXiv e-prints via their arXiv DOI <doi:10.48550/arXiv.YYMM.NNNNN>.
Flavors: r-devel-linux-x86_64-debian-clang, r-devel-linux-x86_64-debian-gcc
Version: 0.1.0
Check: Rd cross-references
Result: NOTE
Found the following Rd file(s) with Rd \link{} targets missing package
anchors:
bcalibrate.Rd: kEstimate, pca
cal_rv.Rd: kEstimate, pca
gcalibrate.Rd: kEstimate, pca
plot_estimates.Rd: theme
Please provide package anchors for all Rd \link{} targets not in the
package itself and the base packages.
Flavors: r-devel-linux-x86_64-debian-clang, r-devel-linux-x86_64-debian-gcc, r-devel-windows-x86_64, r-patched-linux-x86_64, r-release-linux-x86_64, r-release-windows-x86_64