Last updated on 2025-10-22 05:51:04 CEST.
Flavor | Version | Tinstall | Tcheck | Ttotal | Status | Flags |
---|---|---|---|---|---|---|
r-devel-linux-x86_64-debian-clang | 0.1.1 | 7.14 | 59.11 | 66.25 | NOTE | |
r-devel-linux-x86_64-debian-gcc | 0.1.1 | 4.84 | 44.27 | 49.11 | NOTE | |
r-devel-linux-x86_64-fedora-clang | 0.1.1 | 35.00 | 68.57 | 103.57 | OK | |
r-devel-linux-x86_64-fedora-gcc | 0.1.1 | 15.00 | 77.39 | 92.39 | OK | |
r-devel-windows-x86_64 | 0.1.1 | 7.00 | 69.00 | 76.00 | OK | |
r-patched-linux-x86_64 | 0.1.1 | 6.52 | 55.67 | 62.19 | OK | |
r-release-linux-x86_64 | 0.1.1 | 6.75 | 56.67 | 63.42 | OK | |
r-release-macos-arm64 | 0.1.1 | 3.00 | 28.00 | 31.00 | OK | |
r-release-macos-x86_64 | 0.1.1 | 6.00 | 51.00 | 57.00 | OK | |
r-release-windows-x86_64 | 0.1.1 | 7.00 | 69.00 | 76.00 | OK | |
r-oldrel-macos-arm64 | 0.1.1 | 3.00 | 34.00 | 37.00 | OK | |
r-oldrel-macos-x86_64 | 0.1.1 | 10.00 | 63.00 | 73.00 | OK | |
r-oldrel-windows-x86_64 | 0.1.1 | 9.00 | 84.00 | 93.00 | OK |
Version: 0.1.1
Check: HTML version of manual
Result: NOTE
Found the following HTML validation problems:
load_knockoff_gds.html:46:1 (load_knockoff_gds.Rd:10): Warning: missing </ul> before </div>
Flavors: r-devel-linux-x86_64-debian-clang, r-devel-linux-x86_64-debian-gcc