Last updated on 2025-10-22 05:51:04 CEST.
Flavor | Version | Tinstall | Tcheck | Ttotal | Status | Flags |
---|---|---|---|---|---|---|
r-devel-linux-x86_64-debian-clang | 0.9.8 | 10.62 | 108.29 | 118.91 | NOTE | |
r-devel-linux-x86_64-debian-gcc | 0.9.8 | 8.22 | 79.38 | 87.60 | NOTE | |
r-devel-linux-x86_64-fedora-clang | 0.9.8 | 22.00 | 155.19 | 177.19 | OK | |
r-devel-linux-x86_64-fedora-gcc | 0.9.8 | 20.00 | 164.97 | 184.97 | OK | |
r-devel-windows-x86_64 | 0.9.8 | 13.00 | 107.00 | 120.00 | OK | |
r-patched-linux-x86_64 | 0.9.8 | 11.20 | 99.87 | 111.07 | OK | |
r-release-linux-x86_64 | 0.9.8 | 10.60 | 98.55 | 109.15 | OK | |
r-release-macos-arm64 | 0.9.8 | 5.00 | 54.00 | 59.00 | OK | |
r-release-macos-x86_64 | 0.9.8 | 9.00 | 109.00 | 118.00 | OK | |
r-release-windows-x86_64 | 0.9.8 | 13.00 | 108.00 | 121.00 | OK | |
r-oldrel-macos-arm64 | 0.9.8 | 4.00 | 60.00 | 64.00 | OK | |
r-oldrel-macos-x86_64 | 0.9.8 | 10.00 | 115.00 | 125.00 | OK | |
r-oldrel-windows-x86_64 | 0.9.8 | 17.00 | 222.00 | 239.00 | OK |
Version: 0.9.8
Check: HTML version of manual
Result: NOTE
Found the following HTML validation problems:
print.summary.CytOpt.html:51:1 (print.summary.CytOpt.Rd:12): Warning: missing </ul> before </div>
Flavors: r-devel-linux-x86_64-debian-clang, r-devel-linux-x86_64-debian-gcc