CRAN Package Check Results for Package DALEXtra

Last updated on 2025-10-22 05:51:05 CEST.

Flavor Version Tinstall Tcheck Ttotal Status Flags
r-devel-linux-x86_64-debian-clang 2.3.0 5.31 344.24 349.55 NOTE
r-devel-linux-x86_64-debian-gcc 2.3.0 4.79 247.01 251.80 NOTE
r-devel-linux-x86_64-fedora-clang 2.3.0 28.00 543.21 571.21 OK
r-devel-linux-x86_64-fedora-gcc 2.3.0 17.00 507.27 524.27 OK
r-devel-windows-x86_64 2.3.0 12.00 451.00 463.00 OK
r-patched-linux-x86_64 2.3.0 6.37 337.61 343.98 OK
r-release-linux-x86_64 2.3.0 6.45 336.67 343.12 OK
r-release-macos-arm64 2.3.0 4.00 147.00 151.00 OK
r-release-macos-x86_64 2.3.0 7.00 262.00 269.00 OK
r-release-windows-x86_64 2.3.0 12.00 469.00 481.00 OK
r-oldrel-macos-arm64 2.3.0 4.00 141.00 145.00 OK
r-oldrel-macos-x86_64 2.3.0 5.00 198.00 203.00 OK
r-oldrel-windows-x86_64 2.3.0 15.00 607.00 622.00 OK

Check Details

Version: 2.3.0
Check: CRAN incoming feasibility
Result: NOTE Maintainer: ‘Szymon Maksymiuk <sz.maksymiuk@gmail.com>’ The Description field contains 'DALEXtra' creates 'DALEX' Biecek (2018) <arXiv:1806.08915> explainer Please refer to arXiv e-prints via their arXiv DOI <doi:10.48550/arXiv.YYMM.NNNNN>. Flavors: r-devel-linux-x86_64-debian-clang, r-devel-linux-x86_64-debian-gcc

Version: 2.3.0
Check: HTML version of manual
Result: NOTE Found the following HTML validation problems: print.scikitlearn_set.html:51:1 (print.scikitlearn_set.Rd:12): Warning: missing </ul> before </div> Flavors: r-devel-linux-x86_64-debian-clang, r-devel-linux-x86_64-debian-gcc