Last updated on 2025-10-22 05:51:05 CEST.
Flavor | Version | Tinstall | Tcheck | Ttotal | Status | Flags |
---|---|---|---|---|---|---|
r-devel-linux-x86_64-debian-clang | 1.2.3 | 7.25 | 96.96 | 104.21 | NOTE | |
r-devel-linux-x86_64-debian-gcc | 1.2.3 | 4.58 | 69.32 | 73.90 | NOTE | |
r-devel-linux-x86_64-fedora-clang | 1.2.3 | 18.00 | 135.24 | 153.24 | OK | |
r-devel-linux-x86_64-fedora-gcc | 1.2.3 | 15.00 | 148.09 | 163.09 | OK | |
r-devel-windows-x86_64 | 1.2.3 | 9.00 | 150.00 | 159.00 | OK | |
r-patched-linux-x86_64 | 1.2.3 | 9.46 | 90.82 | 100.28 | OK | |
r-release-linux-x86_64 | 1.2.3 | 5.99 | 89.62 | 95.61 | OK | |
r-release-macos-arm64 | 1.2.3 | 3.00 | 82.00 | 85.00 | OK | |
r-release-macos-x86_64 | 1.2.3 | 6.00 | 141.00 | 147.00 | OK | |
r-release-windows-x86_64 | 1.2.3 | 10.00 | 151.00 | 161.00 | OK | |
r-oldrel-macos-arm64 | 1.2.3 | 3.00 | 88.00 | 91.00 | OK | |
r-oldrel-macos-x86_64 | 1.2.3 | 8.00 | 138.00 | 146.00 | OK | |
r-oldrel-windows-x86_64 | 1.2.3 | 9.00 | 171.00 | 180.00 | OK |
Version: 1.2.3
Check: HTML version of manual
Result: NOTE
Found the following HTML validation problems:
hidden_aliases.html:273:1 (hidden_aliases.Rd:330): Warning: missing </ul> before </div>
Flavors: r-devel-linux-x86_64-debian-clang, r-devel-linux-x86_64-debian-gcc