Last updated on 2025-07-22 08:48:29 CEST.
Flavor | Version | Tinstall | Tcheck | Ttotal | Status | Flags |
---|---|---|---|---|---|---|
r-devel-linux-x86_64-debian-clang | 0.3.0 | 57.20 | 443.76 | 500.96 | OK | |
r-devel-linux-x86_64-debian-gcc | 0.3.0 | 34.50 | 326.59 | 361.09 | OK | |
r-devel-linux-x86_64-fedora-clang | 0.3.0 | 822.03 | OK | |||
r-devel-linux-x86_64-fedora-gcc | 0.3.0 | 780.64 | OK | |||
r-devel-windows-x86_64 | 0.3.0 | 56.00 | 346.00 | 402.00 | OK | |
r-patched-linux-x86_64 | 0.3.0 | 53.55 | 416.56 | 470.11 | OK | |
r-release-linux-x86_64 | 0.3.0 | 52.82 | 422.92 | 475.74 | OK | |
r-release-macos-arm64 | 0.3.0 | 5.00 | ERROR | |||
r-release-macos-x86_64 | 0.3.0 | 7.00 | ERROR | |||
r-release-windows-x86_64 | 0.3.0 | 55.00 | 360.00 | 415.00 | OK | |
r-oldrel-macos-arm64 | 0.3.0 | 18.00 | ERROR | |||
r-oldrel-macos-x86_64 | 0.3.0 | 279.00 | OK | |||
r-oldrel-windows-x86_64 | 0.3.0 | 72.00 | 472.00 | 544.00 | OK |
Version: 0.3.0
Check: package dependencies
Result: ERROR
Packages required but not available:
'signatureSearch', 'signatureSearchData'
See section ‘The DESCRIPTION file’ in the ‘Writing R Extensions’
manual.
Flavors: r-release-macos-arm64, r-release-macos-x86_64
Version: 0.3.0
Check: whether package can be installed
Result: ERROR
Installation failed.
Flavor: r-oldrel-macos-arm64