CRAN Package Check Results for Package DLASSO

Last updated on 2025-07-22 08:48:30 CEST.

Flavor Version Tinstall Tcheck Ttotal Status Flags
r-devel-linux-x86_64-debian-clang 2.0.2 1.58 26.74 28.32 NOTE
r-devel-linux-x86_64-debian-gcc 2.0.2 1.56 22.08 23.64 NOTE
r-devel-linux-x86_64-fedora-clang 2.0.2 44.04 OK
r-devel-linux-x86_64-fedora-gcc 2.0.2 44.62 OK
r-devel-windows-x86_64 2.0.2 3.00 48.00 51.00 OK
r-patched-linux-x86_64 2.0.2 1.52 27.14 28.66 OK
r-release-linux-x86_64 2.0.2 1.64 26.59 28.23 OK
r-release-macos-arm64 2.0.2 22.00 OK
r-release-macos-x86_64 2.0.2 34.00 OK
r-release-windows-x86_64 2.0.2 3.00 50.00 53.00 OK
r-oldrel-macos-arm64 2.0.2 19.00 OK
r-oldrel-macos-x86_64 2.0.2 28.00 OK
r-oldrel-windows-x86_64 2.0.2 3.00 57.00 60.00 OK

Check Details

Version: 2.0.2
Check: CRAN incoming feasibility
Result: NOTE Maintainer: ‘Hamed Haseli Mashhadi <hamedhaseli@gmail.com>’ No Authors@R field in DESCRIPTION. Please add one, modifying Authors@R: person(given = c("Hamed", "Haseli"), family = "Mashhadi", role = c("aut", "cre"), email = "hamedhaseli@gmail.com") as necessary. Flavors: r-devel-linux-x86_64-debian-clang, r-devel-linux-x86_64-debian-gcc